{"id":27,"date":"2012-07-24T12:57:18","date_gmt":"2012-07-24T12:57:18","guid":{"rendered":"http:\/\/portfolio-pre.uqac.ca\/gabarit\/?page_id=27"},"modified":"2025-12-16T11:27:57","modified_gmt":"2025-12-16T16:27:57","slug":"curriculum-vitae","status":"publish","type":"page","link":"https:\/\/portfolio.uqac.ca\/rosalierainville\/curriculum-vitae\/","title":{"rendered":"Curriculum vitae"},"content":{"rendered":"<h2><strong>Dipl\u00f4mes<\/strong><\/h2>\n<p>Doctorat en sociologie, Universit\u00e9 du Qu\u00e9bec \u00e0 Montr\u00e9al (UQAM)<\/p>\n<p>Ma\u00eetrise en sociologie, Universit\u00e9 de Montr\u00e9al (UdeM)<\/p>\n<p>Certificat en gestion et pratiques socioculturelles de la gastronomie (ESG UQAM)<\/p>\n<p>Baccalaur\u00e9at en sociologie, Universit\u00e9 de Montr\u00e9al (UdeM)<\/p>\n<h2><strong><br \/>\nDistinctions et bourses<br \/>\n<\/strong><\/h2>\n<p>2025\u00a0: PSDRC Soutien \u00e0 la publication des travaux de recherche (DRCI-UQAQ) (750$)<\/p>\n<p>2024-2026\u00a0: Fonds de d\u00e9marrage pour la recherche destin\u00e9 aux professeurs en d\u00e9but de carri\u00e8re (DRCI-UQAQ) (10 000$)<\/p>\n<p>2024\u00a0: Bourse postdoctorale du Fonds de recherche du Qu\u00e9bec Soci\u00e9t\u00e9 et Culture (FRQSC) (38\u00a0962$)<\/p>\n<p>2024\u00a0: Bourse de mobilit\u00e9 Sophie Germain du Consulat g\u00e9n\u00e9ral de France \u00e0 Qu\u00e9bec (3 500$)<\/p>\n<p>2022\u00a0: Bourse de fin d\u2019\u00e9tudes (FSH-UQAM) (1\u00a0500$)<\/p>\n<p>2022\u00a0: Bourse d\u2019excellence Lizette-Jalbert en sociologie (FSH-UQAM) (5\u00a0000$)<\/p>\n<p>2020-2021\u00a0: Bourse doctorale du Conseil de recherches en sciences humaines du Canada (CRSH) (20\u00a0000$)<\/p>\n<p>2019\u00a0: Bourse de coordination du Laboratoire de recherches ethnographiques du Qu\u00e9bec (LABREQ &#8211; UQAM) (2\u00a0000$)<\/p>\n<p>2017-2020\u00a0: Bourse doctorale du Fonds de recherche du Qu\u00e9bec Soci\u00e9t\u00e9 et Culture (FRQSC) (60\u00a0000$)<\/p>\n<p>2016-2017\u00a0: Bourse de recrutement pour le doctorat en sociologie (FSH-UQAM) (12\u00a0000$)<\/p>\n<p>2017\u00a0: Prix du Meilleur M\u00e9moire de Ma\u00eetrise 2016 d\u00e9cern\u00e9 par l\u2019Institut de recherche en \u00e9conomie contemporaine de Montr\u00e9al (IR\u00c9C)<\/p>\n<p>2017\u00a0: Demi-Finaliste pour le prix George-Henri L\u00e9vesque du Meilleur M\u00e9moire de Ma\u00eetrise 2016 d\u00e9cern\u00e9 par l\u2019Association Canadienne des Sociologues et des Anthropologues de Langue Fran\u00e7aise (ACSALF)<\/p>\n","protected":false},"excerpt":{"rendered":"<p>Dipl\u00f4mes Doctorat en sociologie, Universit\u00e9 du Qu\u00e9bec \u00e0 Montr\u00e9al (UQAM) Ma\u00eetrise en sociologie, Universit\u00e9 de Montr\u00e9al (UdeM) Certificat en gestion et pratiques socioculturelles de la gastronomie (ESG UQAM) Baccalaur\u00e9at en sociologie, Universit\u00e9 de Montr\u00e9al (UdeM) Distinctions et bourses 2025\u00a0: PSDRC Soutien \u00e0 la publication des travaux de recherche (DRCI-UQAQ) (750$) 2024-2026\u00a0: Fonds de d\u00e9marrage pour &hellip; <a href=\"https:\/\/portfolio.uqac.ca\/rosalierainville\/curriculum-vitae\/\" class=\"more-link\">Continuer la lecture de <span class=\"screen-reader-text\">Curriculum vitae<\/span>  <span class=\"meta-nav\">&rarr;<\/span><\/a><\/p>\n","protected":false},"author":89,"featured_media":0,"parent":0,"menu_order":0,"comment_status":"closed","ping_status":"closed","template":"","meta":{"footnotes":""},"tags":[],"_links":{"self":[{"href":"https:\/\/portfolio.uqac.ca\/rosalierainville\/wp-json\/wp\/v2\/pages\/27"}],"collection":[{"href":"https:\/\/portfolio.uqac.ca\/rosalierainville\/wp-json\/wp\/v2\/pages"}],"about":[{"href":"https:\/\/portfolio.uqac.ca\/rosalierainville\/wp-json\/wp\/v2\/types\/page"}],"author":[{"embeddable":true,"href":"https:\/\/portfolio.uqac.ca\/rosalierainville\/wp-json\/wp\/v2\/users\/89"}],"replies":[{"embeddable":true,"href":"https:\/\/portfolio.uqac.ca\/rosalierainville\/wp-json\/wp\/v2\/comments?post=27"}],"version-history":[{"count":6,"href":"https:\/\/portfolio.uqac.ca\/rosalierainville\/wp-json\/wp\/v2\/pages\/27\/revisions"}],"predecessor-version":[{"id":236,"href":"https:\/\/portfolio.uqac.ca\/rosalierainville\/wp-json\/wp\/v2\/pages\/27\/revisions\/236"}],"wp:attachment":[{"href":"https:\/\/portfolio.uqac.ca\/rosalierainville\/wp-json\/wp\/v2\/media?parent=27"}],"wp:term":[{"taxonomy":"post_tag","embeddable":true,"href":"https:\/\/portfolio.uqac.ca\/rosalierainville\/wp-json\/wp\/v2\/tags?post=27"}],"curies":[{"name":"wp","href":"https:\/\/api.w.org\/{rel}","templated":true}]}}