{"id":157,"date":"2019-05-30T15:52:17","date_gmt":"2019-05-30T19:52:17","guid":{"rendered":"http:\/\/portfolio-pre.uqac.ca\/rubensdasilva\/?page_id=157"},"modified":"2019-05-30T16:06:43","modified_gmt":"2019-05-30T20:06:43","slug":"maitrises-professionnelles","status":"publish","type":"page","link":"https:\/\/portfolio.uqac.ca\/rubensdasilva\/maitrises-professionnelles\/","title":{"rendered":"Ma\u00eetrises (professionnelles)"},"content":{"rendered":"<p><strong>En cours<\/strong><\/p>\n<p>Audrey Gervais (2017- ) , Universit\u00e9 du Qu\u00e9bec \u00e0 Chicoutimi<\/p>\n<p>Mathieu Dallaire (2015- ) , Universit\u00e9 du Qu\u00e9bec \u00e0 Chicoutimi<\/p>\n<p>Benjamin Par\u00e9 (2015- ) , Universit\u00e9 du Qu\u00e9bec \u00e0 Chicoutimi<\/p>\n<p>Audrey Viens (2015- ) , Universit\u00e9 du Qu\u00e9bec \u00e0 Chicoutimi<\/p>\n<p>Emmy Lachance (2015- ) , Universit\u00e9 du Qu\u00e9bec \u00e0 Chicoutimi<\/p>\n<p>Andr\u00e9anne Zgela (2015- ) , Universit\u00e9 du Qu\u00e9bec \u00e0 Chicoutimi<\/p>\n<p><strong>Compl\u00e9t\u00e9es<\/strong><\/p>\n<p>M\u00e9th\u00e9, Julie. (2018). Effets imm\u00e9diats de deux m\u00e9thodes destabilisation lombaire sur les mesures de contr\u00f4le postural chez des individussains et avec maux de dos \u2013 Phase 1. Ma\u00eetrise professionnelle, Universit\u00e9 du Qu\u00e9bec \u00e0 Chicoutimi, QC.<\/p>\n<p>Violette, Marianne. (2018). Effets imm\u00e9diats de deux m\u00e9thodes destabilisation lombaire sur les mesures de contr\u00f4le postural chez des individussains et avec maux de dos \u2013 Phase 1. Ma\u00eetrise professionnelle, Universit\u00e9 du Qu\u00e9bec \u00e0 Chicoutimi, QC.<\/p>\n<p>Trudeau, Andr\u00e9e-Anne. (2018). Effets imm\u00e9diats de deux m\u00e9thodes destabilisation lombaire sur les mesures de contr\u00f4le postural chez des individussains et avec maux de dos \u2013 Phase 1. Ma\u00eetrise professionnelle, Universit\u00e9 du Qu\u00e9bec \u00e0 Chicoutimi, QC.<\/p>\n<p>Racine, Claudia. (2018). Effets imm\u00e9diats de deux m\u00e9thodes destabilisation lombaire sur les mesures de contr\u00f4le postural chez des individussains et avec maux de dos \u2013 Phase 1. Ma\u00eetrise professionnelle, Universit\u00e9 du Qu\u00e9bec \u00e0 Chicoutimi, QC.<\/p>\n","protected":false},"excerpt":{"rendered":"<p>En cours Audrey Gervais (2017- ) , Universit\u00e9 du Qu\u00e9bec \u00e0 Chicoutimi Mathieu Dallaire (2015- ) , Universit\u00e9 du Qu\u00e9bec \u00e0 Chicoutimi Benjamin Par\u00e9 (2015- ) , Universit\u00e9 du Qu\u00e9bec \u00e0 Chicoutimi Audrey Viens (2015- ) , Universit\u00e9 du Qu\u00e9bec \u00e0 Chicoutimi Emmy Lachance (2015- ) , Universit\u00e9 du Qu\u00e9bec \u00e0 Chicoutimi Andr\u00e9anne Zgela (2015- &hellip; <a href=\"https:\/\/portfolio.uqac.ca\/rubensdasilva\/maitrises-professionnelles\/\" class=\"more-link\">Continuer la lecture de <span class=\"screen-reader-text\">Ma\u00eetrises (professionnelles)<\/span>  <span class=\"meta-nav\">&rarr;<\/span><\/a><\/p>\n","protected":false},"author":147,"featured_media":0,"parent":0,"menu_order":0,"comment_status":"closed","ping_status":"closed","template":"","meta":{"footnotes":""},"tags":[],"_links":{"self":[{"href":"https:\/\/portfolio.uqac.ca\/rubensdasilva\/wp-json\/wp\/v2\/pages\/157"}],"collection":[{"href":"https:\/\/portfolio.uqac.ca\/rubensdasilva\/wp-json\/wp\/v2\/pages"}],"about":[{"href":"https:\/\/portfolio.uqac.ca\/rubensdasilva\/wp-json\/wp\/v2\/types\/page"}],"author":[{"embeddable":true,"href":"https:\/\/portfolio.uqac.ca\/rubensdasilva\/wp-json\/wp\/v2\/users\/147"}],"replies":[{"embeddable":true,"href":"https:\/\/portfolio.uqac.ca\/rubensdasilva\/wp-json\/wp\/v2\/comments?post=157"}],"version-history":[{"count":4,"href":"https:\/\/portfolio.uqac.ca\/rubensdasilva\/wp-json\/wp\/v2\/pages\/157\/revisions"}],"predecessor-version":[{"id":173,"href":"https:\/\/portfolio.uqac.ca\/rubensdasilva\/wp-json\/wp\/v2\/pages\/157\/revisions\/173"}],"wp:attachment":[{"href":"https:\/\/portfolio.uqac.ca\/rubensdasilva\/wp-json\/wp\/v2\/media?parent=157"}],"wp:term":[{"taxonomy":"post_tag","embeddable":true,"href":"https:\/\/portfolio.uqac.ca\/rubensdasilva\/wp-json\/wp\/v2\/tags?post=157"}],"curies":[{"name":"wp","href":"https:\/\/api.w.org\/{rel}","templated":true}]}}