{"id":170,"date":"2019-05-30T16:05:03","date_gmt":"2019-05-30T20:05:03","guid":{"rendered":"http:\/\/portfolio-pre.uqac.ca\/rubensdasilva\/?page_id=170"},"modified":"2019-05-30T16:05:03","modified_gmt":"2019-05-30T20:05:03","slug":"maitrises-recherche","status":"publish","type":"page","link":"https:\/\/portfolio.uqac.ca\/rubensdasilva\/maitrises-recherche\/","title":{"rendered":"Ma\u00eetrises (recherche)"},"content":{"rendered":"<p><strong>En cours<\/strong><\/p>\n<p>Gabriela Korovisk Santos (2019- )<\/p>\n<p>Priscilla Beaupre (2017- )<\/p>\n<p>Christian Dallaire (2017- )<\/p>\n<p><strong>Compl\u00e9t\u00e9es<\/strong><\/p>\n<p>Calderon, Mariane. (2018). Influence of knee flexion posture andsex-related differences on postural control measures in athletes.<\/p>\n<p>Silva Cavaguchi, Amanda M. (2018). Impacto da manuten\u00e7\u00e3o de dois tipos de barris no controle postural, recrutamento muscular e cinem\u00e1tica do tronco em adultos trabalhadores.<\/p>\n<p>Akio Shirabe, Nelson. (2017). Exerc\u00edcios aqu\u00e1ticos nas disfun\u00e7\u00f5es musculoesquel\u00e9ticas.<\/p>\n<p>Sturion, Leandro A. (2017). Effet de la th\u00e9rapie manuelle \u00e0 courte et \u00e0 long terme dans la posture, l\u2019\u00e9quilibre et les sympt\u00f4mes cliniques chez les patients avec une lombalgie<\/p>\n<p>Almeida, Isabela. (2016). Avalia\u00e7\u00e3o da qualidade do sono utilizando medidas objetivas e subjetivas em indiv\u00edduos com doen\u00e7a de parkinson.<\/p>\n<p>Pereira, Camila. (2016). Plataforma de for\u00e7a e Equilibrio. Um guia pr\u00e1tico de avalia\u00e7\u00e3o e exerc\u00edcios<\/p>\n<p>Shigaki, Leonardo. (2015). Efeito do volume de treinamento resistido na resist\u00eancia e for\u00e7a dos m\u00fasculos extensores de tronco em indiv\u00edduos saud\u00e1veis: Ensaio Controlado Aleatorizado<\/p>\n<p>Alves Ara\u00fajo, Cynthia Gobbi. (2015). O efeito da bandagem patelar durante exerc\u00edcios sens\u00f3rio-motores em mulheres com s\u00edndrome da dor femoropatelar: um ensaio cl\u00ednico randomizado<\/p>\n","protected":false},"excerpt":{"rendered":"<p>En cours Gabriela Korovisk Santos (2019- ) Priscilla Beaupre (2017- ) Christian Dallaire (2017- ) Compl\u00e9t\u00e9es Calderon, Mariane. (2018). Influence of knee flexion posture andsex-related differences on postural control measures in athletes. Silva Cavaguchi, Amanda M. (2018). Impacto da manuten\u00e7\u00e3o de dois tipos de barris no controle postural, recrutamento muscular e cinem\u00e1tica do tronco em &hellip; <a href=\"https:\/\/portfolio.uqac.ca\/rubensdasilva\/maitrises-recherche\/\" class=\"more-link\">Continuer la lecture de <span class=\"screen-reader-text\">Ma\u00eetrises (recherche)<\/span>  <span class=\"meta-nav\">&rarr;<\/span><\/a><\/p>\n","protected":false},"author":147,"featured_media":0,"parent":0,"menu_order":0,"comment_status":"closed","ping_status":"closed","template":"","meta":{"footnotes":""},"tags":[],"_links":{"self":[{"href":"https:\/\/portfolio.uqac.ca\/rubensdasilva\/wp-json\/wp\/v2\/pages\/170"}],"collection":[{"href":"https:\/\/portfolio.uqac.ca\/rubensdasilva\/wp-json\/wp\/v2\/pages"}],"about":[{"href":"https:\/\/portfolio.uqac.ca\/rubensdasilva\/wp-json\/wp\/v2\/types\/page"}],"author":[{"embeddable":true,"href":"https:\/\/portfolio.uqac.ca\/rubensdasilva\/wp-json\/wp\/v2\/users\/147"}],"replies":[{"embeddable":true,"href":"https:\/\/portfolio.uqac.ca\/rubensdasilva\/wp-json\/wp\/v2\/comments?post=170"}],"version-history":[{"count":1,"href":"https:\/\/portfolio.uqac.ca\/rubensdasilva\/wp-json\/wp\/v2\/pages\/170\/revisions"}],"predecessor-version":[{"id":171,"href":"https:\/\/portfolio.uqac.ca\/rubensdasilva\/wp-json\/wp\/v2\/pages\/170\/revisions\/171"}],"wp:attachment":[{"href":"https:\/\/portfolio.uqac.ca\/rubensdasilva\/wp-json\/wp\/v2\/media?parent=170"}],"wp:term":[{"taxonomy":"post_tag","embeddable":true,"href":"https:\/\/portfolio.uqac.ca\/rubensdasilva\/wp-json\/wp\/v2\/tags?post=170"}],"curies":[{"name":"wp","href":"https:\/\/api.w.org\/{rel}","templated":true}]}}