{"id":18,"date":"2017-08-30T10:45:16","date_gmt":"2017-08-30T14:45:16","guid":{"rendered":"http:\/\/portfolio-pre.uqac.ca\/gabarit\/?page_id=18"},"modified":"2019-06-27T11:33:19","modified_gmt":"2019-06-27T15:33:19","slug":"enseignement","status":"publish","type":"page","link":"https:\/\/portfolio.uqac.ca\/rubensdasilva\/enseignement\/","title":{"rendered":"Enseignement"},"content":{"rendered":"<p>Au <a href=\"https:\/\/www.uqac.ca\/programme\/1520-baccalaureat-en-sciences-readaptation\/\">baccalaur\u00e9at en sciences (r\u00e9adaptation)<\/a> :<\/p>\n<p>Cours obligatoires comme responsable :<\/p>\n<ul>\n<li><a href=\"https:\/\/cours.uqac.ca\/SPHTH450\">SPHTH450 : Introduction \u00e0 la pratique clinique de la physioth\u00e9rapie <\/a><\/li>\n<li><span style=\"line-height: 1.5;\"><a href=\"https:\/\/cours.uqac.ca\/SPOTH251\">SPOTH251 : Introduction \u00e0 la pratique professionnelle II<\/a><br \/>\n<\/span><\/li>\n<\/ul>\n<p>Cours obligatoires comme collaborateur :<\/p>\n<ul>\n<li><a href=\"https:\/\/cours.uqac.ca\/SPOTH225\">SPOTH225 : Introduction \u00e0 la biom\u00e9canique dans les sciences de la r\u00e9adaptation <\/a><\/li>\n<li><a href=\"https:\/\/cours.uqac.ca\/SPHTH245\">SPHTH245 : Introduction \u00e0 la pratique professionnelle I <\/a><\/li>\n<li><a href=\"https:\/\/cours.uqac.ca\/SPHTH553\">SPHTH553 : Pratique de la physioth\u00e9rapie en orthop\u00e9die <\/a><\/li>\n<\/ul>\n<p>\u00c0 la <a href=\"https:\/\/www.uqac.ca\/programme\/1821\/\">Ma\u00eetrise \u00e8s sciences appliqu\u00e9es en physioth\u00e9rapie<\/a> :<\/p>\n<p>Cours obligatoires comme responsable :<\/p>\n<ul>\n<li><a href=\"https:\/\/cours.uqac.ca\/SPOTH611\">SPOTH611 : M\u00e9thodes appliqu\u00e9es de recherche clinique<\/a><\/li>\n<li><a href=\"https:\/\/cours.uqac.ca\/SPOTH644\">SPOTH644 : Projet de recherche<\/a><\/li>\n<\/ul>\n<p>Cours obligatoires comme collaborateur :<\/p>\n<ul>\n<li><a href=\"https:\/\/cours.uqac.ca\/SPHTH52\">SPHTH652 : Exercices cliniques int\u00e9gr\u00e9s en r\u00e9adaptation<\/a><\/li>\n<\/ul>\n","protected":false},"excerpt":{"rendered":"<p>Au baccalaur\u00e9at en sciences (r\u00e9adaptation) : Cours obligatoires comme responsable : SPHTH450 : Introduction \u00e0 la pratique clinique de la physioth\u00e9rapie SPOTH251 : Introduction \u00e0 la pratique professionnelle II Cours obligatoires comme collaborateur : SPOTH225 : Introduction \u00e0 la biom\u00e9canique dans les sciences de la r\u00e9adaptation SPHTH245 : Introduction \u00e0 la pratique professionnelle I SPHTH553 &hellip; <a href=\"https:\/\/portfolio.uqac.ca\/rubensdasilva\/enseignement\/\" class=\"more-link\">Continuer la lecture de <span class=\"screen-reader-text\">Enseignement<\/span>  <span class=\"meta-nav\">&rarr;<\/span><\/a><\/p>\n","protected":false},"author":89,"featured_media":0,"parent":0,"menu_order":0,"comment_status":"closed","ping_status":"closed","template":"","meta":{"footnotes":""},"tags":[],"_links":{"self":[{"href":"https:\/\/portfolio.uqac.ca\/rubensdasilva\/wp-json\/wp\/v2\/pages\/18"}],"collection":[{"href":"https:\/\/portfolio.uqac.ca\/rubensdasilva\/wp-json\/wp\/v2\/pages"}],"about":[{"href":"https:\/\/portfolio.uqac.ca\/rubensdasilva\/wp-json\/wp\/v2\/types\/page"}],"author":[{"embeddable":true,"href":"https:\/\/portfolio.uqac.ca\/rubensdasilva\/wp-json\/wp\/v2\/users\/89"}],"replies":[{"embeddable":true,"href":"https:\/\/portfolio.uqac.ca\/rubensdasilva\/wp-json\/wp\/v2\/comments?post=18"}],"version-history":[{"count":6,"href":"https:\/\/portfolio.uqac.ca\/rubensdasilva\/wp-json\/wp\/v2\/pages\/18\/revisions"}],"predecessor-version":[{"id":233,"href":"https:\/\/portfolio.uqac.ca\/rubensdasilva\/wp-json\/wp\/v2\/pages\/18\/revisions\/233"}],"wp:attachment":[{"href":"https:\/\/portfolio.uqac.ca\/rubensdasilva\/wp-json\/wp\/v2\/media?parent=18"}],"wp:term":[{"taxonomy":"post_tag","embeddable":true,"href":"https:\/\/portfolio.uqac.ca\/rubensdasilva\/wp-json\/wp\/v2\/tags?post=18"}],"curies":[{"name":"wp","href":"https:\/\/api.w.org\/{rel}","templated":true}]}}