{"id":4,"date":"2012-07-23T17:46:31","date_gmt":"2012-07-23T17:46:31","guid":{"rendered":"http:\/\/portfolio-pre.uqac.ca\/gabarit\/?page_id=4"},"modified":"2024-01-22T20:10:50","modified_gmt":"2024-01-23T01:10:50","slug":"presentatio","status":"publish","type":"page","link":"https:\/\/portfolio.uqac.ca\/sabrinatremblay\/","title":{"rendered":"Pr\u00e9sentation"},"content":{"rendered":"<h1><\/h1>\n<ul>\n<li>Professeure agr\u00e9g\u00e9e, D\u00e9partement des sciences humaines et sociales, UQAC (2011-)<\/li>\n<li>Responsable de l&#8217;Observatoire sur l&#8217;am\u00e9nagement et le d\u00e9veloppement durable des territoires de l&#8217;UQAC (2023-)<\/li>\n<li>Coordoonatrice du Groupe de recherche et d&#8217;intervention r\u00e9gionales (GRIR)\u00a0 (2019-)<\/li>\n<li>Responsable de l&#8217;axe &#8220;Habiter&#8221; du CRDT\u00a0(2023-)<\/li>\n<li>Responsable du p\u00f4le UQAC du CRISES (2022-)<\/li>\n<\/ul>\n<p><strong>Affilliations:<\/strong><\/p>\n<ul>\n<li>Chercheure r\u00e9guli\u00e8re au Centre de recherche sur le d\u00e9veloppement territorial (CRDT)<\/li>\n<li>Chercheure r\u00e9guli\u00e8re au Centre de recherche sur les innovations sociales (CRISES)<\/li>\n<li>Chercheure associ\u00e9e au Centre intersectoriel en sant\u00e9 durable (CISD)<\/li>\n<\/ul>\n<p><strong> Champs d&#8217;int\u00e9r\u00eat principaux:<\/strong><\/p>\n<p><span style=\"color: #99cc00\">Ruralit\u00e9<\/span>,\u00a0<span style=\"color: #99cc00\"> autonomie et s\u00e9curit\u00e9 alimentaire, agriculture locale et r\u00e9gionale,\u00a0syst\u00e8me alimentaire territorialis\u00e9 (SAT), transition socio-\u00e9cologique,\u00a0<\/span><span style=\"color: #3366ff\">d\u00e9veloppement des communaut\u00e9s, d\u00e9veloppement social, pauvret\u00e9 et exclusion sociale, d\u00e9veloppement du pouvoir d&#8217;agir (<em>empowerment<\/em>) des individus, des organisations et des communaut\u00e9s<\/span>,<span style=\"color: #993366\">\u00a0participation, implication et engagement citoyen, co-construction,\u00a0 <\/span><span style=\"color: #ff9900\">innovation sociale<\/span><\/p>\n","protected":false},"excerpt":{"rendered":"<p>Professeure agr\u00e9g\u00e9e, D\u00e9partement des sciences humaines et sociales, UQAC (2011-) Responsable de l&#8217;Observatoire sur l&#8217;am\u00e9nagement et le d\u00e9veloppement durable des territoires de l&#8217;UQAC (2023-) Coordoonatrice du Groupe de recherche et d&#8217;intervention r\u00e9gionales (GRIR)\u00a0 (2019-) Responsable de l&#8217;axe &#8220;Habiter&#8221; du CRDT\u00a0(2023-) Responsable du p\u00f4le UQAC du CRISES (2022-) Affilliations: Chercheure r\u00e9guli\u00e8re au Centre de recherche sur &hellip; <a href=\"https:\/\/portfolio.uqac.ca\/sabrinatremblay\/\" class=\"more-link\">Continuer la lecture de <span class=\"screen-reader-text\">Pr\u00e9sentation<\/span>  <span class=\"meta-nav\">&rarr;<\/span><\/a><\/p>\n","protected":false},"author":27,"featured_media":207,"parent":0,"menu_order":0,"comment_status":"closed","ping_status":"closed","template":"","meta":{"footnotes":""},"tags":[],"_links":{"self":[{"href":"https:\/\/portfolio.uqac.ca\/sabrinatremblay\/wp-json\/wp\/v2\/pages\/4"}],"collection":[{"href":"https:\/\/portfolio.uqac.ca\/sabrinatremblay\/wp-json\/wp\/v2\/pages"}],"about":[{"href":"https:\/\/portfolio.uqac.ca\/sabrinatremblay\/wp-json\/wp\/v2\/types\/page"}],"author":[{"embeddable":true,"href":"https:\/\/portfolio.uqac.ca\/sabrinatremblay\/wp-json\/wp\/v2\/users\/27"}],"replies":[{"embeddable":true,"href":"https:\/\/portfolio.uqac.ca\/sabrinatremblay\/wp-json\/wp\/v2\/comments?post=4"}],"version-history":[{"count":41,"href":"https:\/\/portfolio.uqac.ca\/sabrinatremblay\/wp-json\/wp\/v2\/pages\/4\/revisions"}],"predecessor-version":[{"id":218,"href":"https:\/\/portfolio.uqac.ca\/sabrinatremblay\/wp-json\/wp\/v2\/pages\/4\/revisions\/218"}],"wp:featuredmedia":[{"embeddable":true,"href":"https:\/\/portfolio.uqac.ca\/sabrinatremblay\/wp-json\/wp\/v2\/media\/207"}],"wp:attachment":[{"href":"https:\/\/portfolio.uqac.ca\/sabrinatremblay\/wp-json\/wp\/v2\/media?parent=4"}],"wp:term":[{"taxonomy":"post_tag","embeddable":true,"href":"https:\/\/portfolio.uqac.ca\/sabrinatremblay\/wp-json\/wp\/v2\/tags?post=4"}],"curies":[{"name":"wp","href":"https:\/\/api.w.org\/{rel}","templated":true}]}}