{"id":218,"date":"2022-05-17T13:52:02","date_gmt":"2022-05-17T17:52:02","guid":{"rendered":"http:\/\/portfolio-pre.uqac.ca\/sebastiendufresne\/?page_id=218"},"modified":"2022-05-17T13:52:02","modified_gmt":"2022-05-17T17:52:02","slug":"postdoctorats","status":"publish","type":"page","link":"https:\/\/portfolio.uqac.ca\/sebastiendufresne\/postdoctorats\/","title":{"rendered":"Postdoctorats"},"content":{"rendered":"<p><strong>Compl\u00e9t\u00e9s<\/strong><\/p>\n<p>Kadri, Mohamed Abdelhafid. (2021). \u00c9laboration et \u00e9valuation d\u2019un programme d\u2019interventions cliniques interdisciplinaire (PICI) favorisant la pr\u00e9vention et le r\u00e9tablissement de s\u00e9quelles biopsychosociales et spirituelles chez l\u2019enfant atteint de cancer et sa famille. Universit\u00e9 du Qu\u00e9bec \u00e0 Chicoutimi, Qc.<\/p>\n","protected":false},"excerpt":{"rendered":"<p>Compl\u00e9t\u00e9s Kadri, Mohamed Abdelhafid. (2021). \u00c9laboration et \u00e9valuation d\u2019un programme d\u2019interventions cliniques interdisciplinaire (PICI) favorisant la pr\u00e9vention et le r\u00e9tablissement de s\u00e9quelles biopsychosociales et spirituelles chez l\u2019enfant atteint de cancer et sa famille. Universit\u00e9 du Qu\u00e9bec \u00e0 Chicoutimi, Qc.<\/p>\n","protected":false},"author":147,"featured_media":0,"parent":0,"menu_order":0,"comment_status":"closed","ping_status":"closed","template":"","meta":{"footnotes":""},"tags":[],"_links":{"self":[{"href":"https:\/\/portfolio.uqac.ca\/sebastiendufresne\/wp-json\/wp\/v2\/pages\/218"}],"collection":[{"href":"https:\/\/portfolio.uqac.ca\/sebastiendufresne\/wp-json\/wp\/v2\/pages"}],"about":[{"href":"https:\/\/portfolio.uqac.ca\/sebastiendufresne\/wp-json\/wp\/v2\/types\/page"}],"author":[{"embeddable":true,"href":"https:\/\/portfolio.uqac.ca\/sebastiendufresne\/wp-json\/wp\/v2\/users\/147"}],"replies":[{"embeddable":true,"href":"https:\/\/portfolio.uqac.ca\/sebastiendufresne\/wp-json\/wp\/v2\/comments?post=218"}],"version-history":[{"count":1,"href":"https:\/\/portfolio.uqac.ca\/sebastiendufresne\/wp-json\/wp\/v2\/pages\/218\/revisions"}],"predecessor-version":[{"id":219,"href":"https:\/\/portfolio.uqac.ca\/sebastiendufresne\/wp-json\/wp\/v2\/pages\/218\/revisions\/219"}],"wp:attachment":[{"href":"https:\/\/portfolio.uqac.ca\/sebastiendufresne\/wp-json\/wp\/v2\/media?parent=218"}],"wp:term":[{"taxonomy":"post_tag","embeddable":true,"href":"https:\/\/portfolio.uqac.ca\/sebastiendufresne\/wp-json\/wp\/v2\/tags?post=218"}],"curies":[{"name":"wp","href":"https:\/\/api.w.org\/{rel}","templated":true}]}}