{"id":27,"date":"2019-02-06T14:57:41","date_gmt":"2019-02-06T19:57:41","guid":{"rendered":"http:\/\/portfolio-pre.uqac.ca\/gabarit\/?page_id=27"},"modified":"2022-05-17T15:31:32","modified_gmt":"2022-05-17T19:31:32","slug":"curriculum-vitae","status":"publish","type":"page","link":"https:\/\/portfolio.uqac.ca\/sebastiendufresne\/curriculum-vitae\/","title":{"rendered":"Curriculum vitae"},"content":{"rendered":"<h2>Dipl\u00f4mes<\/h2>\n<p>Doctorat, Philosophi\u00e6 doctor (Ph. D.), M\u00e9decine exp\u00e9rimentale, Universit\u00e9 Laval (2017)<\/p>\n<p>Dufresne, S. S.\u00a0 (2017) <a href=\"https:\/\/corpus.ulaval.ca\/jspui\/handle\/20.500.11794\/30305\"><em>R\u00f4les de rank\/rankl\/opg dans le muscle squelettique : int\u00e9r\u00eat th\u00e9rapeutique potentiel pour la dystrophie musculaire de Duchenne<\/em><\/a> (Th\u00e8se de doctorat in\u00e9dite). Universit\u00e9 Laval, Qu\u00e9bec, QC.<\/p>\n<p>Ma\u00eetrise avec m\u00e9moire, Ma\u00eetrise \u00e8s sciences (M.Sc.), M\u00e9decine exp\u00e9rimentale, Universit\u00e9 Laval (2012)<\/p>\n<p>Baccalaur\u00e9at, Baccalaur\u00e9at en sciences de la sant\u00e9 (physioth\u00e9rapie), Universit\u00e9 Laval (2010)<\/p>\n<h2><strong> Distinctions et bourses<br \/>\n<\/strong><\/h2>\n<p>Young Researcher Awards in palliative care\u00a0 \/ Prix de la rel\u00e8ve en recherche en SPFV au Qu\u00e9bec<br \/>\nRQSPAL &#8211; AQSP (2019)<\/p>\n<p>Second Best Oral Presentation by a young myologist on therapy of Duchenne Muscular Dystrophy of the 21st World Muscle Society Congress<br \/>\nDuchenne Research Fund (2016)<\/p>\n<p>Fellowship &#8211; 21st World Muscle Society<br \/>\nWorld Muscle Society (2016)<\/p>\n<p>APSselect: Distinction in scholarship in the American Journal of Physiology &#8211; Cell Physiology for the article Muscle RANK is a key regulator of calcium storage, SERCA activity, and function of fast-twitch skeletal muscles<br \/>\nThe American Physiological Society Distinction (2016)<\/p>\n<h2><strong> Affiliations professionnelles<\/strong><\/h2>\n<p>Chercheur associ\u00e9, R\u00e9seau provincial de recherche en adaptation-r\u00e9adaptation (2020- )<\/p>\n<p>Chercheur associ\u00e9, R\u00e9seau intersectoriel de recherche en sant\u00e9 de l&#8217;Universit\u00e9 du Qu\u00e9becv (2020- )<\/p>\n<p>Chercheur associ\u00e9, R\u00e9seau qu\u00e9b\u00e9cois de recherche en soins palliatifs et de fin de vie (2019-\u00a0 )<\/p>\n<p>Membre r\u00e9gulier, Association qu\u00e9becoise de soins palliatifs (2019- )<\/p>\n<p>Membre r\u00e9gulier, Ordre Professionnel de la physioth\u00e9rapie du Qu\u00e9bec (2010- )<\/p>\n<p>Membre r\u00e9gulier, Association canadienne de la physioth\u00e9rapie (2010 &#8211; )<\/p>\n","protected":false},"excerpt":{"rendered":"<p>Dipl\u00f4mes Doctorat, Philosophi\u00e6 doctor (Ph. D.), M\u00e9decine exp\u00e9rimentale, Universit\u00e9 Laval (2017) Dufresne, S. S.\u00a0 (2017) R\u00f4les de rank\/rankl\/opg dans le muscle squelettique : int\u00e9r\u00eat th\u00e9rapeutique potentiel pour la dystrophie musculaire de Duchenne (Th\u00e8se de doctorat in\u00e9dite). Universit\u00e9 Laval, Qu\u00e9bec, QC. Ma\u00eetrise avec m\u00e9moire, Ma\u00eetrise \u00e8s sciences (M.Sc.), M\u00e9decine exp\u00e9rimentale, Universit\u00e9 Laval (2012) Baccalaur\u00e9at, Baccalaur\u00e9at en &hellip; <a href=\"https:\/\/portfolio.uqac.ca\/sebastiendufresne\/curriculum-vitae\/\" class=\"more-link\">Continuer la lecture de <span class=\"screen-reader-text\">Curriculum vitae<\/span>  <span class=\"meta-nav\">&rarr;<\/span><\/a><\/p>\n","protected":false},"author":89,"featured_media":0,"parent":0,"menu_order":0,"comment_status":"closed","ping_status":"closed","template":"","meta":{"footnotes":""},"tags":[],"_links":{"self":[{"href":"https:\/\/portfolio.uqac.ca\/sebastiendufresne\/wp-json\/wp\/v2\/pages\/27"}],"collection":[{"href":"https:\/\/portfolio.uqac.ca\/sebastiendufresne\/wp-json\/wp\/v2\/pages"}],"about":[{"href":"https:\/\/portfolio.uqac.ca\/sebastiendufresne\/wp-json\/wp\/v2\/types\/page"}],"author":[{"embeddable":true,"href":"https:\/\/portfolio.uqac.ca\/sebastiendufresne\/wp-json\/wp\/v2\/users\/89"}],"replies":[{"embeddable":true,"href":"https:\/\/portfolio.uqac.ca\/sebastiendufresne\/wp-json\/wp\/v2\/comments?post=27"}],"version-history":[{"count":12,"href":"https:\/\/portfolio.uqac.ca\/sebastiendufresne\/wp-json\/wp\/v2\/pages\/27\/revisions"}],"predecessor-version":[{"id":226,"href":"https:\/\/portfolio.uqac.ca\/sebastiendufresne\/wp-json\/wp\/v2\/pages\/27\/revisions\/226"}],"wp:attachment":[{"href":"https:\/\/portfolio.uqac.ca\/sebastiendufresne\/wp-json\/wp\/v2\/media?parent=27"}],"wp:term":[{"taxonomy":"post_tag","embeddable":true,"href":"https:\/\/portfolio.uqac.ca\/sebastiendufresne\/wp-json\/wp\/v2\/tags?post=27"}],"curies":[{"name":"wp","href":"https:\/\/api.w.org\/{rel}","templated":true}]}}