{"id":308,"date":"2023-10-12T13:26:54","date_gmt":"2023-10-12T17:26:54","guid":{"rendered":"http:\/\/portfolio-pre.uqac.ca\/sebastiengaboury\/?page_id=308"},"modified":"2023-10-12T13:26:54","modified_gmt":"2023-10-12T17:26:54","slug":"offre-de-projet-de-recherche-etudiant","status":"publish","type":"page","link":"https:\/\/portfolio.uqac.ca\/sebastiengaboury\/offre-de-projet-de-recherche-etudiant\/","title":{"rendered":"Offre de projet de recherche \u00e9tudiant"},"content":{"rendered":"<h4><span style=\"color: #6b8a16;\">Titre du projet<\/span><\/h4>\n<p>Fusion de donn\u00e9es et g\u00e9n\u00e9ration de donn\u00e9es synth\u00e9tiques h\u00e9t\u00e9rog\u00e8nes pour la reconnaissance des activit\u00e9s dans un environnement intelligent.<\/p>\n<h4><span style=\"color: #6b8a16;\">Programme d\u2019\u00e9tudes<\/span><\/h4>\n<p><a href=\"https:\/\/www.uqac.ca\/programme\/3121-doctorat-en-informatique\/\" target=\"_blank\">Doctorat en informatique <\/a><\/p>\n<h4><span style=\"color: #6b8a16;\">Structure de recherche associ\u00e9e au projet<\/span><\/h4>\n<p><a href=\"https:\/\/liara.uqac.ca\/\" target=\"_blank\">Laboratoire d\u2019Intelligence Ambiante pour la Reconnaissance d\u2019Activit\u00e9s (LIARA)<\/a><\/p>\n<h4><span style=\"color: #6b8a16;\">Description de l&#8217;offre<\/span><\/h4>\n<p>Le Canada a opt\u00e9 pour favoriser le maintien \u00e0 domicile des personnes \u00e2g\u00e9es de plus de 65 ans afin de minimiser les cons\u00e9quences de l&#8217;augmentation de la population dans cette tranche d&#8217;\u00e2ge. En effet, d&#8217;ici 2050, un quart de la population canadienne aura 65 ans et plus, ce qui entra\u00eenera une p\u00e9nurie de personnel soignant qualifi\u00e9, un manque de capacit\u00e9 dans les \u00e9tablissements sp\u00e9cialis\u00e9s et une augmentation significative des co\u00fbts de sant\u00e9.<\/p>\n<p>Pour faire face \u00e0 cette \u00e9ventuelle crise, la communaut\u00e9 scientifique s&#8217;int\u00e9resse grandement \u00e0 l&#8217;utilisation de l&#8217;Intelligence Ambiante (IAm) au sein de logements intelligents pour la reconnaissance des Activit\u00e9s de la Vie Quotidienne (AVQ). La reconnaissance des AVQ (RAVQ) permet de d\u00e9tecter des comportements anormaux ou des changements subtils dans les habitudes de vie sur de plus longues p\u00e9riodes, facilitant ainsi la prise de d\u00e9cisions pour fournir une assistance appropri\u00e9e au moment opportun.<\/p>\n<p>Le LIARA a pour objectif sur le long terme de proposer, entre autres, des syst\u00e8mes d&#8217;IAm capables de reconna\u00eetre un large \u00e9ventail d&#8217;AVQ, adapt\u00e9s \u00e0 diff\u00e9rentes configurations d&#8217;environnements et aux pr\u00e9f\u00e9rences financi\u00e8res des r\u00e9sidents. De plus, ces syst\u00e8mes doivent offrir une assistance cibl\u00e9e d\u00e8s qu&#8217;un comportement anormal est d\u00e9tect\u00e9.<\/p>\n<p>Le premier objectif du projet de recherche propos\u00e9 consiste \u00e0 d\u00e9velopper des solutions technologiques et algorithmiques en combinant diff\u00e9rents types de dispositifs de collecte de donn\u00e9es, en utilisant le concept de fusion de donn\u00e9es. Le deuxi\u00e8me objectif vise \u00e0 g\u00e9n\u00e9raliser ces solutions algorithmiques pour renforcer la robustesse de la RAVQ face aux variations humaines et environnementales. Pour y parvenir, la g\u00e9n\u00e9ration de donn\u00e9es synth\u00e9tiques diverses, bas\u00e9e sur des r\u00e9seaux antagonistes g\u00e9n\u00e9ratifs, sera explor\u00e9e. Le troisi\u00e8me objectif d\u00e9ploiera et validera ces solutions technologiques et algorithmiques en milieu contr\u00f4l\u00e9 et r\u00e9el, en identifiant les comportements anormaux et les changements subtils dans les habitudes de vie gr\u00e2ce \u00e0 la RAVQ.<\/p>\n<h4><span style=\"color: #6b8a16;\">Direction de recherche<\/span><\/h4>\n<p>Direction principale : Julien Maitre, Ph. D.<br \/>\nCodirections : S\u00e9bastien Gaboury, Ph. D. et K\u00e9vin Bouchard, Ph. D.<\/p>\n<h4><span style=\"color: #6b8a16;\">Profil de la personne recherch\u00e9e\u00a0<\/span><\/h4>\n<p>Les candidats doivent avoir une exp\u00e9rience solide en intelligence artificielle, apprentissage automatique, ou en vision par ordinateur.<\/p>\n<p>Il est essentiel que les candidats poss\u00e8dent les qualit\u00e9s suivantes\u00a0:<br \/>\n&#8211; Habilet\u00e9 en communication (orale et \u00e9crite)<br \/>\n&#8211; \u00catre \u00e0 l\u2019\u00e9coute et avoir l\u2019esprit ouvert<br \/>\n&#8211; Rigueur<br \/>\n&#8211; Curiosit\u00e9<br \/>\n&#8211; Autonomie (dans la recherche de solutions)<br \/>\n&#8211; Comprendre rapidement de nouveaux concept<br \/>\n&#8211; Savoir travailler en \u00e9quipe<\/p>\n<h4><span style=\"color: #6b8a16;\">Exigences et conditions\u00a0<\/span><\/h4>\n<p>La personne doit d\u00e9tenir une ma\u00eetrise (master) en informatique ou dans un domaine connexe.<\/p>\n<h4><span style=\"color: #6b8a16;\">Financement<\/span><\/h4>\n<p>25\u00a0000$ \/ an (net d\u2019imp\u00f4ts) pour une p\u00e9riode de 3 ans (Garantie)<\/p>\n<p>Possibilit\u00e9 d\u2019aller chercher des montants suppl\u00e9mentaires avec l\u2019accord de la direction principale.<\/p>\n<h4><span style=\"color: #6b8a16;\">D\u00e9but du projet<\/span><\/h4>\n<p>Mai 2024<\/p>\n<h4><span style=\"color: #6b8a16;\">Pour r\u00e9pondre \u00e0 cette offre\u00a0<\/span><\/h4>\n<p><a href=\"mailto:jmaitre@uqac.ca\"><img loading=\"lazy\" decoding=\"async\" class=\"alignnone wp-image-230\" src=\"https:\/\/portfolio.uqac.ca\/mousajavidani-en\/files\/2023\/07\/email-alert-custom-2.png\" alt=\"\" width=\"76\" height=\"76\" \/><\/a>\u00a0 \u00a0Veuillez envoyer les documents requis \u00e0\u00a0<a href=\"mailto:jmaitre@uqac.ca\">jmaitre@uqac.ca<\/a><\/p>\n<p><strong><u>Documents exig\u00e9s\u00a0:<\/u><\/strong><\/p>\n<p>Curriculum vitae<br \/>\nRelev\u00e9 de notes du baccalaur\u00e9at (licence) et de la ma\u00eetrise (master)<\/p>\n","protected":false},"excerpt":{"rendered":"<p>Titre du projet Fusion de donn\u00e9es et g\u00e9n\u00e9ration de donn\u00e9es synth\u00e9tiques h\u00e9t\u00e9rog\u00e8nes pour la reconnaissance des activit\u00e9s dans un environnement intelligent. Programme d\u2019\u00e9tudes Doctorat en informatique Structure de recherche associ\u00e9e au projet Laboratoire d\u2019Intelligence Ambiante pour la Reconnaissance d\u2019Activit\u00e9s (LIARA) Description de l&#8217;offre Le Canada a opt\u00e9 pour favoriser le maintien \u00e0 domicile des personnes &hellip; <a href=\"https:\/\/portfolio.uqac.ca\/sebastiengaboury\/offre-de-projet-de-recherche-etudiant\/\" class=\"more-link\">Continuer la lecture de <span class=\"screen-reader-text\">Offre de projet de recherche \u00e9tudiant<\/span>  <span class=\"meta-nav\">&rarr;<\/span><\/a><\/p>\n","protected":false},"author":375,"featured_media":0,"parent":0,"menu_order":0,"comment_status":"closed","ping_status":"closed","template":"","meta":{"footnotes":""},"tags":[],"_links":{"self":[{"href":"https:\/\/portfolio.uqac.ca\/sebastiengaboury\/wp-json\/wp\/v2\/pages\/308"}],"collection":[{"href":"https:\/\/portfolio.uqac.ca\/sebastiengaboury\/wp-json\/wp\/v2\/pages"}],"about":[{"href":"https:\/\/portfolio.uqac.ca\/sebastiengaboury\/wp-json\/wp\/v2\/types\/page"}],"author":[{"embeddable":true,"href":"https:\/\/portfolio.uqac.ca\/sebastiengaboury\/wp-json\/wp\/v2\/users\/375"}],"replies":[{"embeddable":true,"href":"https:\/\/portfolio.uqac.ca\/sebastiengaboury\/wp-json\/wp\/v2\/comments?post=308"}],"version-history":[{"count":6,"href":"https:\/\/portfolio.uqac.ca\/sebastiengaboury\/wp-json\/wp\/v2\/pages\/308\/revisions"}],"predecessor-version":[{"id":314,"href":"https:\/\/portfolio.uqac.ca\/sebastiengaboury\/wp-json\/wp\/v2\/pages\/308\/revisions\/314"}],"wp:attachment":[{"href":"https:\/\/portfolio.uqac.ca\/sebastiengaboury\/wp-json\/wp\/v2\/media?parent=308"}],"wp:term":[{"taxonomy":"post_tag","embeddable":true,"href":"https:\/\/portfolio.uqac.ca\/sebastiengaboury\/wp-json\/wp\/v2\/tags?post=308"}],"curies":[{"name":"wp","href":"https:\/\/api.w.org\/{rel}","templated":true}]}}