{"id":18,"date":"2024-10-02T09:35:34","date_gmt":"2024-10-02T13:35:34","guid":{"rendered":"http:\/\/www.uqac.ca\/portfolio\/gabarit\/?page_id=18"},"modified":"2024-10-02T09:35:34","modified_gmt":"2024-10-02T13:35:34","slug":"enseignement","status":"publish","type":"page","link":"https:\/\/portfolio.uqac.ca\/sorelleaudreykamkuimo\/enseignement\/","title":{"rendered":"Enseignement"},"content":{"rendered":"<ul>\n<li><a href=\"https:\/\/programmes.uqac.ca\/8inf960\">8INF960 Principes de conception et de d\u00e9veloppement de jeux vid\u00e9o<\/a>\n<ul>\n<li>Ma\u00eetrise en informatique<\/li>\n<\/ul>\n<\/li>\n<li><a href=\"https:\/\/programmes.uqac.ca\/8inf849\">8INF849 Interaction 3D et r\u00e9alit\u00e9 virtuelle<\/a>\n<ul>\n<li>Ma\u00eetrise en informatique<\/li>\n<li>Ma\u00eetrise en ing\u00e9nierie<\/li>\n<\/ul>\n<\/li>\n<li><a href=\"https:\/\/programmes.uqac.ca\/8inf257\">8INF257 Informatique mobile<\/a>\n<ul>\n<li>Baccalaur\u00e9at en d\u00e9veloppement de jeux vid\u00e9o<\/li>\n<li>Baccalaur\u00e9at en informatique de la science des donn\u00e9es et de l\u2019intelligence d\u2019affaires<\/li>\n<li>Baccalaur\u00e9at en informatique<\/li>\n<li>Baccalaur\u00e9at en g\u00e9nie informatique<\/li>\n<\/ul>\n<\/li>\n<li><a href=\"https:\/\/programmes.uqac.ca\/8inf906\">8INF906 Jeux s\u00e9rieux<\/a>\n<ul>\n<li>Ma\u00eetrise en informatique<\/li>\n<\/ul>\n<\/li>\n<li><a href=\"https:\/\/programmes.uqac.ca\/8pro128\">8PRO128 Programmation Orient\u00e9e objet<\/a>\n<ul>\n<li>Baccalaur\u00e9at en cr\u00e9ation 3D pour le jeu vid\u00e9o (arts techniques)<\/li>\n<\/ul>\n<\/li>\n<li><a href=\"https:\/\/programmes.uqac.ca\/8IFG147\">8IFG147 Gestion de la production dans l\u2019industrie du num\u00e9rique<\/a>\n<ul>\n<li>Baccalaur\u00e9at en cr\u00e9ation 3D pour le jeu vid\u00e9o (jeu vid\u00e9o)<\/li>\n<li>Baccalaur\u00e9at en cr\u00e9ation 3D pour le jeu vid\u00e9o (arts techniques)<\/li>\n<\/ul>\n<\/li>\n<\/ul>\n","protected":false},"excerpt":{"rendered":"<p>8INF960 Principes de conception et de d\u00e9veloppement de jeux vid\u00e9o Ma\u00eetrise en informatique 8INF849 Interaction 3D et r\u00e9alit\u00e9 virtuelle Ma\u00eetrise en informatique Ma\u00eetrise en ing\u00e9nierie 8INF257 Informatique mobile Baccalaur\u00e9at en d\u00e9veloppement de jeux vid\u00e9o Baccalaur\u00e9at en informatique de la science des donn\u00e9es et de l\u2019intelligence d\u2019affaires Baccalaur\u00e9at en informatique Baccalaur\u00e9at en g\u00e9nie informatique 8INF906 Jeux &hellip; <a href=\"https:\/\/portfolio.uqac.ca\/sorelleaudreykamkuimo\/enseignement\/\" class=\"more-link\">Continuer la lecture de <span class=\"screen-reader-text\">Enseignement<\/span>  <span class=\"meta-nav\">&rarr;<\/span><\/a><\/p>\n","protected":false},"author":89,"featured_media":0,"parent":0,"menu_order":0,"comment_status":"closed","ping_status":"closed","template":"","meta":{"footnotes":""},"tags":[],"_links":{"self":[{"href":"https:\/\/portfolio.uqac.ca\/sorelleaudreykamkuimo\/wp-json\/wp\/v2\/pages\/18"}],"collection":[{"href":"https:\/\/portfolio.uqac.ca\/sorelleaudreykamkuimo\/wp-json\/wp\/v2\/pages"}],"about":[{"href":"https:\/\/portfolio.uqac.ca\/sorelleaudreykamkuimo\/wp-json\/wp\/v2\/types\/page"}],"author":[{"embeddable":true,"href":"https:\/\/portfolio.uqac.ca\/sorelleaudreykamkuimo\/wp-json\/wp\/v2\/users\/89"}],"replies":[{"embeddable":true,"href":"https:\/\/portfolio.uqac.ca\/sorelleaudreykamkuimo\/wp-json\/wp\/v2\/comments?post=18"}],"version-history":[{"count":0,"href":"https:\/\/portfolio.uqac.ca\/sorelleaudreykamkuimo\/wp-json\/wp\/v2\/pages\/18\/revisions"}],"wp:attachment":[{"href":"https:\/\/portfolio.uqac.ca\/sorelleaudreykamkuimo\/wp-json\/wp\/v2\/media?parent=18"}],"wp:term":[{"taxonomy":"post_tag","embeddable":true,"href":"https:\/\/portfolio.uqac.ca\/sorelleaudreykamkuimo\/wp-json\/wp\/v2\/tags?post=18"}],"curies":[{"name":"wp","href":"https:\/\/api.w.org\/{rel}","templated":true}]}}