{"id":46,"date":"2018-02-02T08:06:05","date_gmt":"2018-02-02T13:06:05","guid":{"rendered":"http:\/\/portfolio-pre.uqac.ca\/gabarit\/?page_id=46"},"modified":"2026-02-17T15:19:09","modified_gmt":"2026-02-17T20:19:09","slug":"recherche","status":"publish","type":"page","link":"https:\/\/portfolio.uqac.ca\/stephaneallaire\/recherche\/","title":{"rendered":"Recherche"},"content":{"rendered":"<p>Depuis le d\u00e9but de ma carri\u00e8re, j&#8217;ai particip\u00e9 \u00e0 plus d&#8217;une trentaine de projets de recherche, totalisant pr\u00e8s de 8 millions de dollars, dont plus d&#8217;un million \u00e0 titre de chercheur responsable. Ces fonds ont permis de soutenir financi\u00e8rement plusieurs \u00e9tudiants-chercheurs de l&#8217;UQAC et de d\u00e9velopper leurs comp\u00e9tences scientifiques dans un contexte d&#8217;assistanat de recherche. Sont \u00e9num\u00e9r\u00e9s\u00a0ici les projets\u00a0dans lesquels j&#8217;ai \u00e9t\u00e9 le plus actif.<\/p>\n<h2>Projets en cours<\/h2>\n<p><strong>2025-2027. Chaire de leadership en enseignement sur les pratiques \u00e9valuatives innovantes \u00e0 l&#8217;\u00e8re de l&#8217;IA et de la co\u00e9laboration de connaissances<\/strong><br \/>\nFondation de l&#8217;UQAC<br \/>\nCotitulaires: Nicole Monney et St\u00e9phane Allaire, UQAC<\/p>\n<p><strong>2025-2029. Revue hybride de l&#8217;\u00e9ducation<\/strong><br \/>\nFonds de Recherche du Qu\u00e9bec &#8211; Soci\u00e9t\u00e9 et culture (FRQSC)<br \/>\nChercheur responsable: St\u00e9phane Allaire, UQAC<\/p>\n<p><strong>2024-2026. Un partenariat recherche-pratique pour soutenir le d\u00e9ploiement d\u2019une \u00e9cole novatrice: les Chrysalides<\/strong><br \/>\nConseil de recherches en sciences humaines du Canada (CRSH)<br \/>\nChercheur responsable: St\u00e9phane Allaire, UQAC<\/p>\n<p><strong>2024-2027. Offrir des racines et des ailes : favoriser l\u2019insertion professionnelle des personnels scolaires par la collaboration interprofessionnelle dans des \u00e9coles du Qu\u00e9bec<\/strong><br \/>\nFonds de Recherche du Qu\u00e9bec &#8211; Soci\u00e9t\u00e9 et culture (FRQSC)<br \/>\nChercheure responsable:\u00a0Myl\u00e8ne Leroux, Universit\u00e9 du Qu\u00e9bec en Outaouais<\/p>\n<p><strong>2022-2026. Maximiser la communication entre les familles et les intervenants : vers un processus Num\u00c9r-actif d\u2019un plan d\u2019intervention<\/strong><br \/>\nFonds de Recherche du Qu\u00e9bec &#8211; Soci\u00e9t\u00e9 et culture (FRQSC)<br \/>\nChercheure responsable: Audrey Raynault, Universit\u00e9 Laval<\/p>\n<p><strong>2015-2026. <a href=\"https:\/\/periscope-r.quebec\/fr\" target=\"_blank\" rel=\"noopener\">Plateforme \u00c9change, Recherche et Intervention sur la SCOlarit\u00e9: Pers\u00e9v\u00e9rance Et R\u00e9ussite (P\u00c9RISCOPE)<\/a><\/strong><br \/>\nFonds de Recherche du Qu\u00e9bec &#8211; Soci\u00e9t\u00e9 et culture (FRQSC)<br \/>\nChercheure responsable: Th\u00e9r\u00e8se Laferri\u00e8re, Universit\u00e9 Laval<\/p>\n<h2>Projets ant\u00e9rieurs<\/h2>\n<p><strong>2023-2025.\u00a0Processus et retomb\u00e9es d&#8217;une d\u00e9marche d\u2019ing\u00e9nierie didactique collaborative visant l&#8217;articulation lecture-\u00e9criture-grammaire au primaire<\/strong><br \/>\nConseil de recherches en sciences humaines du Canada (CRSH)<br \/>\nChercheur principale: Florent Biao, UQAC<\/p>\n<p><strong>2019-2025. <a href=\"https:\/\/www.uqac.ca\/prpe\/\" target=\"_blank\" rel=\"noopener\">Le partenariat recherche-pratique en \u00e9ducation<\/a><br \/>\n<\/strong>Fonds de Recherche du Qu\u00e9bec &#8211; Soci\u00e9t\u00e9 et culture (FRQSC)<br \/>\nChercheur responsable: St\u00e9phane Allaire, UQAC<\/p>\n<p><strong>2023-2025. Des albums sans texte pour de\u0301velopper la conscience lexicale et enrichir le vocabulaire d\u2019e\u0301le\u0300ves du premier cycle du primaire: une de\u0301marche collaborative<\/strong><br \/>\nConsortium r\u00e9gional de recherche en \u00e9ducation<br \/>\nChercheure responsable: Pascale Th\u00e9riault, UQAC<\/p>\n<p><strong>2021-2025. Transitions r\u00e9ussies vers les \u00e9tudes sup\u00e9rieures<\/strong><br \/>\n<strong>Minist\u00e8re de l&#8217;Enseignement sup\u00e9rieur<\/strong><br \/>\nOrganisme responsable du projet: Universit\u00e9 du Qu\u00e9bec<\/p>\n<p><strong>2020-2023.<\/strong>\u00a0<strong>\u00c9valuation Collaborative R\u00e9ussie d\u2019Apprentissages par le Num\u00e9rique (\u00c9CRAN)<\/strong><br \/>\nFonds de Recherche du Qu\u00e9bec &#8211; Soci\u00e9t\u00e9 et culture (FRQSC)<br \/>\nChercheure responsable: Th\u00e9r\u00e8se Laferri\u00e8re, Universit\u00e9 Laval<\/p>\n<p><strong>2022-2023.<\/strong>\u00a0<b>COGNI-ACTIF: apprendre en bougeant, un jeu \u00e0 prendre au s\u00e9rieux<\/b><br \/>\nChercheur responsable: St\u00e9phane Allaire<\/p>\n<p><strong>2020-2023.<\/strong> <b>\u00c9laboration d&#8217;une demande de D\u00e9veloppement de partenariat (CRSH) dans le cadre des travaux de l&#8217;\u00e9quipe FRQSC sur le partenariat recherche-pratique en \u00e9ducation et du Consortium r\u00e9gional de recherche en \u00e9ducation<\/b><br \/>\nUniversit\u00e9 du Qu\u00e9bec (Fonds de d\u00e9veloppement acad\u00e9mique du r\u00e9seau)<br \/>\nChercheur responsable: Lo\u00efc Pulido, UQAC<\/p>\n<p><strong>2019. <a href=\"https:\/\/edusummit2019.fse.ulaval.ca\" target=\"_blank\" rel=\"noopener\">EDUSummIT 2019<\/a><\/strong><br \/>\nConseil de recherches en sciences humaines du Canada (CRSH)<br \/>\nChercheure principale: Th\u00e9r\u00e8se Laferri\u00e8re, Universit\u00e9 Laval<\/p>\n<p><strong>2017-2019. <a href=\"https:\/\/www.uqac.ca\/rer\" target=\"_blank\" rel=\"noopener\">R\u00e9gion \u00e9ducative en r\u00e9seau: le lien \u00e9cole-communaut\u00e9 au service de la pers\u00e9v\u00e9rance et de la r\u00e9ussite scolaires des \u00e9l\u00e8ves<br \/>\n<\/a><\/strong>Minist\u00e8re de l&#8217;\u00c9ducation et de l&#8217;Enseignement sup\u00e9rieur (M\u00c9ES)<br \/>\nChercheur responsable: St\u00e9phane Allaire, UQAC<\/p>\n<p><strong>2014-2018. La transformation des pratiques en collaboration avec les milieux scolaires<\/strong><br \/>\nConseil de recherches en sciences humaines du Canada (CRSH)<br \/>\nDemandeur principal: St\u00e9phane Allaire, UQAC<\/p>\n<p><strong>2017-2018. P\u00c9RISCAR: rencontres internationales sur les applications en contexte de la th\u00e9orie de l&#8217;activit\u00e9<\/strong><br \/>\nConseil de recherches en sciences humaines du Canada (CRSH)<br \/>\nChercheure responsable: Th\u00e9r\u00e8se Laferri\u00e8re, Universit\u00e9 Laval<\/p>\n<p><strong>2005-2015. <a href=\"https:\/\/eer.qc.ca\" target=\"_blank\" rel=\"noopener\">\u00c9cole [\u00e9loign\u00e9e] en r\u00e9seau<\/a><\/strong><br \/>\nCentre francophone pour l&#8217;innovation dans les organisations (CEFRIO)<\/p>\n<p><strong>2011-2014. Projet de mise en place d&#8217;une approche d&#8217;accompagnement \u00e0 la formation des enseignants Inuit par la vid\u00e9oconf\u00e9rence<\/strong><br \/>\nConseil de recherches en sciences humaines du Canada (CRSH)<br \/>\nChercheure responsable: Glorya Pellerin, Universit\u00e9 du Qu\u00e9bec en Abitibi-T\u00e9miscamingue<\/p>\n<p><strong>2011-2014. Valorisation et \u00e9valuation d&#8217;un programme de formation continue visant \u00e0 d\u00e9velopper des strat\u00e9gies d&#8217;intervention en classe multi\u00e2ge et de t\u00e9l\u00e9collaboration professionnelle<\/strong><br \/>\nMinist\u00e8re de l&#8217;\u00c9ducation<br \/>\nChercheur responsable: St\u00e9phane Allaire, UQAC<\/p>\n<p><strong>2011-2014. D\u00e9veloppement et \u00e9valuation d&#8217;un programme de formation en alternance pour \u00e9l\u00e8ves \u00e0 risque de milieux d\u00e9favoris\u00e9s (FAST)<\/strong><br \/>\nFonds de Recherche du Qu\u00e9bec &#8211; Soci\u00e9t\u00e9 et culture (FRQSC)<br \/>\nChercheure responsable: Th\u00e9r\u00e8se Laferri\u00e8re, Universit\u00e9 Laval<\/p>\n<p><strong>2011-2014. <a href=\"https:\/\/affordance.uqac.ca\/index.php\/ecrire-ensemble-au-primaire\/\" target=\"_blank\" rel=\"noopener\">\u00c9crire ensemble au primaire: interventions des enseignants et strat\u00e9gies d&#8217;\u00e9criture des \u00e9l\u00e8ves<\/a><\/strong><br \/>\nFonds de Recherche du Qu\u00e9bec &#8211; Soci\u00e9t\u00e9 et culture (FRQSC)<br \/>\nChercheur responsable: St\u00e9phane Allaire, UQAC<\/p>\n<p><strong>2011-2013. Utilisation p\u00e9dagogique de la tablette num\u00e9rique iPad \u00e0 des fins de motivation et de pers\u00e9v\u00e9rance scolaires au secondaire<\/strong><br \/>\nCentre francophone pour l&#8217;innovation dans les organisations (CEFRIO)<br \/>\nChercheur responsable: St\u00e9phane Allaire, UQAC<\/p>\n<p><strong>2010-2013. R\u00e9fl\u00e9chir en collaboration pour alimenter l&#8217;intervention en classe<\/strong><br \/>\nFonds de Recherche du Qu\u00e9bec &#8211; Soci\u00e9t\u00e9 et culture (FRQSC)<br \/>\nChercheur responsable: St\u00e9phane Allaire, UQAC<\/p>\n<p><strong>2009-2013. Renforcer le savoir d&#8217;exp\u00e9rience des enseignants associ\u00e9s par le biais d&#8217;une communaut\u00e9 de pratique<\/strong><br \/>\nMinist\u00e8re de l&#8217;\u00c9ducation<br \/>\nChercheure responsable: Monique L&#8217;Hostie, UQAC<\/p>\n<p><strong>2010-2012. D\u00e9veloppement de la comp\u00e9tence \u00e0 \u00e9crire avec un le blogue au primaire et au secondaire: \u00e9tudes de cas<\/strong><br \/>\nMinist\u00e8re de l&#8217;\u00c9ducation<br \/>\nChercheur responsable: St\u00e9phane Allaire, UQAC<\/p>\n<p><strong>2009-2010. D\u00e9veloppement de la comp\u00e9tence \u00e0 \u00e9crire avec le blogue: synth\u00e8se des connaissances<\/strong><br \/>\nMinist\u00e8re de l&#8217;\u00c9ducation<br \/>\nChercheur responsable: St\u00e9phane Allaire, UQAC<\/p>\n<p><strong>2008-2010. Consolidation, au sein d&#8217;universit\u00e9s qu\u00e9b\u00e9coises, d&#8217;une initiative de mise en r\u00e9seau d&#8217;\u00e9coles rurales<\/strong><br \/>\nUniversit\u00e9 du Qu\u00e9bec<br \/>\nChercheur responsable: St\u00e9phane Allaire, UQAC<\/p>\n<p><strong>2006-2009. L&#8217;intervention \u00e9ducative en classe multi\u00e2ge<\/strong><br \/>\nMinist\u00e8re de l&#8217;\u00c9ducation, du Loisir et du Sport, Consortium r\u00e9gional de recherche en \u00e9ducation et Fondation de l&#8217;UQAC<br \/>\nChercheure responsable: Christine Couture, UQAC<\/p>\n<p><strong>2007-2008. L&#8217;\u00e9cole \u00e0 la maison: une pratique \u00e9ducative \u00e0 comprendre<\/strong><br \/>\nChercheur responsable: St\u00e9phane Allaire, UQAC<\/p>\n","protected":false},"excerpt":{"rendered":"<p>Depuis le d\u00e9but de ma carri\u00e8re, j&#8217;ai particip\u00e9 \u00e0 plus d&#8217;une trentaine de projets de recherche, totalisant pr\u00e8s de 8 millions de dollars, dont plus d&#8217;un million \u00e0 titre de chercheur responsable. Ces fonds ont permis de soutenir financi\u00e8rement plusieurs \u00e9tudiants-chercheurs de l&#8217;UQAC et de d\u00e9velopper leurs comp\u00e9tences scientifiques dans un contexte d&#8217;assistanat de recherche. &hellip; <a href=\"https:\/\/portfolio.uqac.ca\/stephaneallaire\/recherche\/\" class=\"more-link\">Continuer la lecture de <span class=\"screen-reader-text\">Recherche<\/span>  <span class=\"meta-nav\">&rarr;<\/span><\/a><\/p>\n","protected":false},"author":89,"featured_media":0,"parent":0,"menu_order":0,"comment_status":"closed","ping_status":"closed","template":"page-templates\/full-width.php","meta":{"footnotes":""},"tags":[],"_links":{"self":[{"href":"https:\/\/portfolio.uqac.ca\/stephaneallaire\/wp-json\/wp\/v2\/pages\/46"}],"collection":[{"href":"https:\/\/portfolio.uqac.ca\/stephaneallaire\/wp-json\/wp\/v2\/pages"}],"about":[{"href":"https:\/\/portfolio.uqac.ca\/stephaneallaire\/wp-json\/wp\/v2\/types\/page"}],"author":[{"embeddable":true,"href":"https:\/\/portfolio.uqac.ca\/stephaneallaire\/wp-json\/wp\/v2\/users\/89"}],"replies":[{"embeddable":true,"href":"https:\/\/portfolio.uqac.ca\/stephaneallaire\/wp-json\/wp\/v2\/comments?post=46"}],"version-history":[{"count":59,"href":"https:\/\/portfolio.uqac.ca\/stephaneallaire\/wp-json\/wp\/v2\/pages\/46\/revisions"}],"predecessor-version":[{"id":1035,"href":"https:\/\/portfolio.uqac.ca\/stephaneallaire\/wp-json\/wp\/v2\/pages\/46\/revisions\/1035"}],"wp:attachment":[{"href":"https:\/\/portfolio.uqac.ca\/stephaneallaire\/wp-json\/wp\/v2\/media?parent=46"}],"wp:term":[{"taxonomy":"post_tag","embeddable":true,"href":"https:\/\/portfolio.uqac.ca\/stephaneallaire\/wp-json\/wp\/v2\/tags?post=46"}],"curies":[{"name":"wp","href":"https:\/\/api.w.org\/{rel}","templated":true}]}}