{"id":175,"date":"2023-02-08T14:36:33","date_gmt":"2023-02-08T19:36:33","guid":{"rendered":"http:\/\/portfolio-pre.uqac.ca\/suzyngomo\/?page_id=175"},"modified":"2026-03-24T08:32:30","modified_gmt":"2026-03-24T12:32:30","slug":"supervision","status":"publish","type":"page","link":"https:\/\/portfolio.uqac.ca\/suzyngomo\/supervision\/","title":{"rendered":"Supervision"},"content":{"rendered":"<h4>Essais, M\u00e9moires et Th\u00e8ses compl\u00e9t\u00e9s : [n=30]<\/h4>\n<h5><strong>Stagiaires au baccalaur\u00e9at [n=5]<\/strong><\/h5>\n<p>Superviseur principal<br \/>\nMathieu Lacroix 2021 (Termin\u00e9)<br \/>\nDate d&#8217;obtention du dipl\u00f4me de l&#8217;\u00e9tudiant: PFMS<br \/>\nTitre du projet: L\u2019instabilit\u00e9 posturale dans la condition de douleur est\u2013elle attribuable \u00e0 la douleur<\/p>\n<p>Superviseur principal<br \/>\nSandra Lachance 2018 (Termin\u00e9)<br \/>\nDate d&#8217;obtention du dipl\u00f4me de l&#8217;\u00e9tudiant: 2018\/10<br \/>\nTitre du projet: Transcranial direct current stimulation: task-oriented approach experiment targeting motor<br \/>\nfunction, pain and fatigue in fibromyalgia patients<\/p>\n<p>Superviseur principal<br \/>\nGabrielle Chevalier 2018 (Termin\u00e9)<br \/>\nDate d&#8217;obtention du dipl\u00f4me de l&#8217;\u00e9tudiant: 2018\/10<br \/>\nTitre du projet: Transcranial direct current stimulation: task-oriented approach experiment<\/p>\n<p>Superviseur principal<br \/>\nMarika Morin 2017 (Termin\u00e9)<br \/>\nDate d&#8217;obtention du dipl\u00f4me de l&#8217;\u00e9tudiant: 2017\/10<br \/>\nTitre du projet: Using functional task during tDCS in patients with<br \/>\nFibromyalgia<\/p>\n<p>Superviseur principal<br \/>\nRaphael St-Gelais 2016 (Termin\u00e9)<br \/>\nDate d&#8217;obtention du dipl\u00f4me de l&#8217;\u00e9tudiant: 2016\/10<br \/>\nTitre du projet: Portrait de la douleur au Saguenay<\/p>\n<h5><strong>Stagiaire \u00e0 la ma\u00eetrise [n=1]<\/strong><\/h5>\n<p>Co-Superviseur<br \/>\nArnaud Zoungrana (Termin\u00e9)<br \/>\nDate d&#8217;obtention du dipl\u00f4me de l&#8217;\u00e9tudiant: 2020\/04<br \/>\nTitre du projet: Traitement du signal physiologique c\u00e9r\u00e9bral \u00e0 l\u2019aide d\u2019algorithmes d\u00e9di\u00e9s<\/p>\n<h5><strong>Maitrise-Projet [n=1]<\/strong><\/h5>\n<p>Co-Superviseur<br \/>\nAnas Ouardirhi (Termin\u00e9)<br \/>\nDate d&#8217;obtention du dipl\u00f4me de l&#8217;\u00e9tudiant: 2017\/04<br \/>\nTitre du projet: Une application mobile de r\u00e9alit\u00e9 augment\u00e9e pour la<br \/>\nperformance motrice\u00a0chez des personnes fibromyalgiques\u00a0\u00a0 <a href=\"https:\/\/constellation.uqac.ca\/view\/people\/Ouardirhi=3AAnas=3A=3A.html\" target=\"_blank\" rel=\"noopener\">https:\/\/constellation.uqac.ca\/view\/people\/Ouardirhi=3AAnas=3A=3A.html<\/a><\/p>\n<h5><strong>Ma\u00eetrise sans m\u00e9moire [n=11]<\/strong><\/h5>\n<p>Superviseur principal<br \/>\nLoic Guyot-Messier (Termin\u00e9)<br \/>\nDate d&#8217;obtention du dipl\u00f4me de l&#8217;\u00e9tudiant: 2019\/10<\/p>\n<p>Superviseur principal<br \/>\nDany Lamoureux (Termin\u00e9)<br \/>\nDate d&#8217;obtention du dipl\u00f4me de l&#8217;\u00e9tudiant: 2019\/10<\/p>\n<p>Superviseur principal<br \/>\nSimon Desbiens (Termin\u00e9)<br \/>\nDate d&#8217;obtention du dipl\u00f4me de l&#8217;\u00e9tudiant: 2019\/10<\/p>\n<p>Superviseur principal<br \/>\nMelina Girardin-Rondeau (Termin\u00e9)<br \/>\nDate d&#8217;obtention du dipl\u00f4me de l&#8217;\u00e9tudiant: 2019\/10<\/p>\n<p>Superviseur principal<br \/>\nSophie Lavoie (Termin\u00e9)<br \/>\nDate d&#8217;obtention du dipl\u00f4me de l&#8217;\u00e9tudiant: 2017\/10<\/p>\n<p>Superviseur principal<br \/>\nJ\u00e9r\u00e9mie Gaudreault (Termin\u00e9)<br \/>\nDate d&#8217;obtention du dipl\u00f4me de l&#8217;\u00e9tudiant: 2017\/10<\/p>\n<p>Superviseur principal<br \/>\nGuillaume Pearson (Termin\u00e9)<br \/>\nDate d&#8217;obtention du dipl\u00f4me de l&#8217;\u00e9tudiant: 2017\/10<\/p>\n<p>Superviseur principal<br \/>\nThomas Boily (Termin\u00e9)<br \/>\nDate d&#8217;obtention du dipl\u00f4me de l&#8217;\u00e9tudiant: 2017\/10<\/p>\n<p>Superviseur principal<br \/>\nMarilou Tremblay (Termin\u00e9)<br \/>\nDate d&#8217;obtention du dipl\u00f4me de l&#8217;\u00e9tudiant: 2017\/10<\/p>\n<p>Superviseur principal<br \/>\nJames Gauthier (Termin\u00e9)<br \/>\nDate d&#8217;obtention du dipl\u00f4me de l&#8217;\u00e9tudiant: 2017\/10<\/p>\n<p>Superviseur principal<br \/>\nJessica Harvey (Termin\u00e9)<br \/>\nDate d&#8217;obtention du dipl\u00f4me de l&#8217;\u00e9tudiant: 2017\/10<\/p>\n<h5><strong>Ma\u00eetrise avec m\u00e9moire [n=10]<\/strong><\/h5>\n<p>Co-Superviseur<br \/>\nAna\u00efs Wotto<br \/>\nDate de d\u00e9but du dipl\u00f4me de l&#8217;\u00e9tudiant: 2022\/05<br \/>\nDate pr\u00e9vue pour l&#8217;obtention du dipl\u00f4me de l&#8217;\u00e9tudiant: 2026\/05<br \/>\nTitre du m\u00e9moire: Recognition and quantification of walking among seniors: Relationship between drugs,\u00a0pain and the functional Impairment<\/p>\n<p>Co-Superviseur<br \/>\nR\u00e9gis Marie-Lucien Olivier d\u2019Assomption (Termin\u00e9)<br \/>\nDate de d\u00e9but du dipl\u00f4me de l&#8217;\u00e9tudiant: 2020\/09<br \/>\nDate pr\u00e9vue pour l&#8217;obtention du dipl\u00f4me de l&#8217;\u00e9tudiant: 2025\/05<br \/>\nTitre du m\u00e9moire (provisoire): Effets imm\u00e9diats de deux m\u00e9thodes de stabilisation lombaire sur les mesures de contr\u00f4le postural chez des personnes \u00e2g\u00e9es avec maux de dos.<a href=\"https:\/\/link.springer.com\/article\/10.1186\/s12891-026-09602-6\"> Lien vers le document<\/a><\/p>\n<p>Co-Superviseur<br \/>\nZoungrana Yves Armel (Termin\u00e9)<br \/>\nDate pr\u00e9vue pour l&#8217;obtention du dipl\u00f4me de l&#8217;\u00e9tudiant: 2024\/05<br \/>\nTitre du m\u00e9moire: Portrait clinique et biologique des d\u00e9ficiences physiques des patients atteints d\u2019un cancer dans les diverses trajectoires des soins palliatifs et de fin de vie <a href=\"https:\/\/constellation.uqac.ca\/id\/eprint\/9789\/\">Lien vers le document\u00a0<\/a><\/p>\n<p>Co-Superviseur<br \/>\nMathieu Dallaire (Termin\u00e9)<br \/>\nDate pr\u00e9vue pour l&#8217;obtention du dipl\u00f4me de l&#8217;\u00e9tudiant: 2024\/04<br \/>\nTitre du m\u00e9moire: L\u2019impact de la fragilit\u00e9 sur la fonctionnalit\u00e9, le contr\u00f4le postural ainsi que sur le patron de\u00a0marche et les risques de chutes chez les a\u00een\u00e9s atteints d\u2019un trouble neuromusculosquelettique\u00a0 \u00a0 \u00a0 \u00a0 \u00a0 \u00a0 \u00a0 \u00a0 \u00a0 \u00a0 \u00a0 \u00a0 \u00a0 \u00a0 \u00a0 \u00a0 \u00a0 \u00a0 \u00a0 \u00a0 \u00a0 \u00a0 \u00a0 \u00a0 \u00a0 \u00a0 \u00a0 \u00a0 \u00a0 \u00a0 \u00a0 \u00a0 \u00a0 \u00a0 \u00a0 \u00a0 \u00a0 \u00a0 \u00a0 \u00a0 \u00a0 \u00a0 \u00a0 \u00a0 \u00a0 \u00a0 <a href=\"https:\/\/constellation.uqac.ca\/id\/eprint\/9633\/1\/Dallaire_uqac_0862N_11072.pdf\">Dallaire_uqac_0862N_11072.pdf<\/a><\/p>\n<p>Superviseur principal<br \/>\nKossi Epiphane Ketounou (Termin\u00e9)<br \/>\nDate pr\u00e9vue pour l&#8217;obtention du dipl\u00f4me de l&#8217;\u00e9tudiant: 2023\/12<br \/>\nTitre du m\u00e9moire: Apport de la physioth\u00e9rapie sur la douleur chronique et sur les limitations fonctionnelles,\u00a0chez la client\u00e8le de 65 ans et plus vivant en centre d&#8217;h\u00e9bergement de soins de longue dur\u00e9e (CHSLD)\u00a0 \u00a0 \u00a0 \u00a0 \u00a0 \u00a0 \u00a0 \u00a0 \u00a0 \u00a0 \u00a0 \u00a0 \u00a0 \u00a0 \u00a0 \u00a0 \u00a0 \u00a0 \u00a0 \u00a0 \u00a0 \u00a0 \u00a0 \u00a0 \u00a0 \u00a0 \u00a0 \u00a0 \u00a0 \u00a0 \u00a0 \u00a0 \u00a0 \u00a0 \u00a0 \u00a0 \u00a0 \u00a0 \u00a0 \u00a0 \u00a0 \u00a0 \u00a0 \u00a0 \u00a0 \u00a0 \u00a0 \u00a0 \u00a0 \u00a0 \u00a0 \u00a0 \u00a0 \u00a0 \u00a0 \u00a0 \u00a0 \u00a0 \u00a0 \u00a0 <a href=\"https:\/\/constellation.uqac.ca\/id\/eprint\/9496\/1\/Ketounou_uqac_0862N_11045.pdf\">Ketounou_uqac_0862N_11045.pdf<\/a><\/p>\n<p>Superviseur principal<br \/>\nChristian Dallaire (Termin\u00e9)<br \/>\nDate de d\u00e9but du dipl\u00f4me de l&#8217;\u00e9tudiant: 2016\/9<br \/>\nDate pr\u00e9vue pour l&#8217;obtention du dipl\u00f4me de l&#8217;\u00e9tudiant: 2021\/12<br \/>\nTitre du m\u00e9moire: Apport de l&#8217;EMG dans la d\u00e9tection de l&#8217;hyperactivit\u00e9 musculaire en post-AVC<br \/>\n<a href=\"https:\/\/constellation.uqac.ca\/id\/eprint\/8463\/\" target=\"_blank\" rel=\"noopener\">https:\/\/constellation.uqac.ca\/id\/eprint\/8463\/<\/a><\/p>\n<p>Co-Superviseur<br \/>\nBaccari Mayess (Termin\u00e9)<br \/>\nDate de d\u00e9but du dipl\u00f4me de l&#8217;\u00e9tudiant: 2017\/9<br \/>\nDate pr\u00e9vue pour l&#8217;obtention du dipl\u00f4me de l&#8217;\u00e9tudiant: 2020\/08<br \/>\nTitre du m\u00e9moire: Reconnaissance de l\u2019alt\u00e9ration frustre de la marche dans le contexte d\u2019une douleur<br \/>\n<a href=\"https:\/\/constellation.uqac.ca\/6138\/\" target=\"_blank\" rel=\"noopener\">https:\/\/constellation.uqac.ca\/6138\/<\/a><\/p>\n<p>Co-Superviseur<br \/>\nFadwa El Aswad (Termin\u00e9)<br \/>\nDate de d\u00e9but du dipl\u00f4me de l&#8217;\u00e9tudiant: 2017\/1<br \/>\nDate d&#8217;obtention du dipl\u00f4me de l&#8217;\u00e9tudiant: 2019\/5<br \/>\nTitre du m\u00e9moire: Contribution au d\u00e9veloppement d&#8217;un syst\u00e8me d&#8217;acquisition et de reconnaissance des gestes du pied pour commander un syst\u00e8me robotique interactif<br \/>\n<a href=\"https:\/\/constellation.uqac.ca\/5133\/\" target=\"_blank\" rel=\"noopener\">Lien vers le document<\/a><\/p>\n<p>Superviseur principal<br \/>\nUlrich Youta (Termin\u00e9)<br \/>\nDate de d\u00e9but du dipl\u00f4me de l&#8217;\u00e9tudiant: 2016\/9<br \/>\nDate d&#8217;obtention du dipl\u00f4me de l&#8217;\u00e9tudiant: 2018\/5<br \/>\nTitre de la th\u00e8se ou du projet: Exploitation des signaux \u00e9lectroenc\u00e9phalographiques (EEG) en contexte de\u00a0douleur musculosquelettique li\u00e9e au travail<br \/>\n<a href=\"https:\/\/constellation.uqac.ca\/view\/people\/Youta_Momene=3AUlrich=3A=3A.html\" target=\"_blank\" rel=\"noopener\">Lien vers le document<\/a><\/p>\n<p>Co-Superviseur<br \/>\nEya Barkallah (Termin\u00e9)<br \/>\nDate de d\u00e9but du dipl\u00f4me de l&#8217;\u00e9tudiant: 2015\/1<br \/>\nDate d&#8217;obtention du dipl\u00f4me de l&#8217;\u00e9tudiant: 2016\/5<br \/>\nTitre du m\u00e9moire: \u00a0\u00c9valuation prospective des troubles musculosquelettiques en entreprise<br \/>\n<a href=\"https:\/\/constellation.uqac.ca\/view\/people\/Barkallah=3AEya=3A=3A.date.html\" target=\"_blank\" rel=\"noopener\">Lien vers le document<\/a><\/p>\n<h5><strong>Doctorat [n=1]<\/strong><\/h5>\n<p>Superviseur principal<br \/>\nColince Segning (Termin\u00e9)<br \/>\nDate pr\u00e9vue pour l&#8217;obtention du dipl\u00f4me de l&#8217;\u00e9tudiant: 2023\/09<br \/>\nTitre de la th\u00e8se: Identification et Quantification de la douleur par le signal EEG\u00a0 \u00a0 \u00a0 \u00a0 \u00a0 \u00a0 \u00a0 \u00a0 \u00a0 \u00a0 \u00a0 \u00a0 \u00a0 \u00a0 \u00a0 \u00a0 \u00a0 \u00a0 \u00a0 \u00a0 \u00a0 \u00a0 \u00a0 \u00a0 \u00a0 \u00a0 \u00a0 \u00a0 \u00a0 \u00a0 \u00a0 \u00a0 \u00a0 \u00a0 \u00a0 \u00a0 \u00a0 \u00a0 \u00a0 \u00a0 \u00a0 \u00a0 \u00a0 \u00a0 \u00a0 \u00a0 \u00a0 \u00a0 \u00a0 \u00a0 \u00a0 \u00a0 \u00a0 \u00a0 \u00a0 \u00a0 \u00a0 \u00a0 \u00a0 \u00a0 \u00a0<a href=\"https:\/\/constellation.uqac.ca\/id\/eprint\/9739\/\">Lien vers le document\u00a0<\/a><\/p>\n<h5><strong>Postdoctorat [n=1]<\/strong><\/h5>\n<p>Superviseur principal, 2019 (Termin\u00e9)<br \/>\nLudivine Paris<br \/>\n<a href=\"https:\/\/www.ncbi.nlm.nih.gov\/pubmed\/32205006\" target=\"_blank\" rel=\"noopener\">Lien vers le document<\/a><\/p>\n","protected":false},"excerpt":{"rendered":"<p>Essais, M\u00e9moires et Th\u00e8ses compl\u00e9t\u00e9s : [n=30] Stagiaires au baccalaur\u00e9at [n=5] Superviseur principal Mathieu Lacroix 2021 (Termin\u00e9) Date d&#8217;obtention du dipl\u00f4me de l&#8217;\u00e9tudiant: PFMS Titre du projet: L\u2019instabilit\u00e9 posturale dans la condition de douleur est\u2013elle attribuable \u00e0 la douleur Superviseur principal Sandra Lachance 2018 (Termin\u00e9) Date d&#8217;obtention du dipl\u00f4me de l&#8217;\u00e9tudiant: 2018\/10 Titre du projet: &hellip; <a href=\"https:\/\/portfolio.uqac.ca\/suzyngomo\/supervision\/\" class=\"more-link\">Continuer la lecture de <span class=\"screen-reader-text\">Supervision<\/span>  <span class=\"meta-nav\">&rarr;<\/span><\/a><\/p>\n","protected":false},"author":89,"featured_media":0,"parent":0,"menu_order":0,"comment_status":"closed","ping_status":"closed","template":"","meta":{"footnotes":""},"tags":[],"_links":{"self":[{"href":"https:\/\/portfolio.uqac.ca\/suzyngomo\/wp-json\/wp\/v2\/pages\/175"}],"collection":[{"href":"https:\/\/portfolio.uqac.ca\/suzyngomo\/wp-json\/wp\/v2\/pages"}],"about":[{"href":"https:\/\/portfolio.uqac.ca\/suzyngomo\/wp-json\/wp\/v2\/types\/page"}],"author":[{"embeddable":true,"href":"https:\/\/portfolio.uqac.ca\/suzyngomo\/wp-json\/wp\/v2\/users\/89"}],"replies":[{"embeddable":true,"href":"https:\/\/portfolio.uqac.ca\/suzyngomo\/wp-json\/wp\/v2\/comments?post=175"}],"version-history":[{"count":16,"href":"https:\/\/portfolio.uqac.ca\/suzyngomo\/wp-json\/wp\/v2\/pages\/175\/revisions"}],"predecessor-version":[{"id":298,"href":"https:\/\/portfolio.uqac.ca\/suzyngomo\/wp-json\/wp\/v2\/pages\/175\/revisions\/298"}],"wp:attachment":[{"href":"https:\/\/portfolio.uqac.ca\/suzyngomo\/wp-json\/wp\/v2\/media?parent=175"}],"wp:term":[{"taxonomy":"post_tag","embeddable":true,"href":"https:\/\/portfolio.uqac.ca\/suzyngomo\/wp-json\/wp\/v2\/tags?post=175"}],"curies":[{"name":"wp","href":"https:\/\/api.w.org\/{rel}","templated":true}]}}