{"id":27,"date":"2017-03-10T15:49:58","date_gmt":"2017-03-10T20:49:58","guid":{"rendered":"http:\/\/portfolio-pre.uqac.ca\/gabarit\/?page_id=27"},"modified":"2020-08-12T10:15:42","modified_gmt":"2020-08-12T14:15:42","slug":"curriculum-vitae","status":"publish","type":"page","link":"https:\/\/portfolio.uqac.ca\/thiernodiallo\/curriculum-vitae\/","title":{"rendered":"Curriculum vitae"},"content":{"rendered":"<h2><\/h2>\n<h2><strong><a href=\"https:\/\/portfolio.uqac.ca\/thiernodiallo\/files\/2017\/03\/CV_Thierno_Diallo_2020.pdf\"> CV_Thierno_Diallo_2020<\/a><\/strong><\/h2>\n<h2><strong>Dipl\u00f4mes<\/strong><\/h2>\n<p>Doctorat (Ph.D.) en sciences \u00e9conomiques, Universit\u00e9 de Montr\u00e9al<\/p>\n<p>Dipl\u00f4me d&#8217;\u00e9tudes approfondies (DEA), March\u00e9s en interm\u00e9diaires financiers, Universit\u00e9 de Toulouse I<\/p>\n<p>Ma\u00eetrise (M.Sc.) en \u00e9conom\u00e9trie,\u00a0Universit\u00e9 de Toulouse I<\/p>\n<h2><strong><br \/>\nDistinctions et bourses<br \/>\n<\/strong><\/h2>\n<p>Distinction ou bourse\u00a01.<\/p>\n<p>Distinction ou bourse\u00a02.<\/p>\n<p>Distinction ou bourse\u00a03.<\/p>\n<h2><strong><br \/>\nAffiliations professionnelles<\/strong><\/h2>\n<p>Affiliation 1.<\/p>\n<p>Affiliation 2.<\/p>\n<p>Affiliation 3.<\/p>\n<h2><strong><br \/>\nActivit\u00e9s<\/strong><\/h2>\n<p>Activit\u00e9 1.<\/p>\n<p>Activit\u00e9 2.<\/p>\n<p>Activit\u00e9\u00a03.<\/p>\n","protected":false},"excerpt":{"rendered":"<p>CV_Thierno_Diallo_2020 Dipl\u00f4mes Doctorat (Ph.D.) en sciences \u00e9conomiques, Universit\u00e9 de Montr\u00e9al Dipl\u00f4me d&#8217;\u00e9tudes approfondies (DEA), March\u00e9s en interm\u00e9diaires financiers, Universit\u00e9 de Toulouse I Ma\u00eetrise (M.Sc.) en \u00e9conom\u00e9trie,\u00a0Universit\u00e9 de Toulouse I Distinctions et bourses Distinction ou bourse\u00a01. Distinction ou bourse\u00a02. Distinction ou bourse\u00a03. Affiliations professionnelles Affiliation 1. Affiliation 2. Affiliation 3. Activit\u00e9s Activit\u00e9 1. Activit\u00e9 2. Activit\u00e9\u00a03.<\/p>\n","protected":false},"author":89,"featured_media":0,"parent":0,"menu_order":0,"comment_status":"closed","ping_status":"closed","template":"","meta":{"footnotes":""},"tags":[],"_links":{"self":[{"href":"https:\/\/portfolio.uqac.ca\/thiernodiallo\/wp-json\/wp\/v2\/pages\/27"}],"collection":[{"href":"https:\/\/portfolio.uqac.ca\/thiernodiallo\/wp-json\/wp\/v2\/pages"}],"about":[{"href":"https:\/\/portfolio.uqac.ca\/thiernodiallo\/wp-json\/wp\/v2\/types\/page"}],"author":[{"embeddable":true,"href":"https:\/\/portfolio.uqac.ca\/thiernodiallo\/wp-json\/wp\/v2\/users\/89"}],"replies":[{"embeddable":true,"href":"https:\/\/portfolio.uqac.ca\/thiernodiallo\/wp-json\/wp\/v2\/comments?post=27"}],"version-history":[{"count":8,"href":"https:\/\/portfolio.uqac.ca\/thiernodiallo\/wp-json\/wp\/v2\/pages\/27\/revisions"}],"predecessor-version":[{"id":159,"href":"https:\/\/portfolio.uqac.ca\/thiernodiallo\/wp-json\/wp\/v2\/pages\/27\/revisions\/159"}],"wp:attachment":[{"href":"https:\/\/portfolio.uqac.ca\/thiernodiallo\/wp-json\/wp\/v2\/media?parent=27"}],"wp:term":[{"taxonomy":"post_tag","embeddable":true,"href":"https:\/\/portfolio.uqac.ca\/thiernodiallo\/wp-json\/wp\/v2\/tags?post=27"}],"curies":[{"name":"wp","href":"https:\/\/api.w.org\/{rel}","templated":true}]}}