{"id":20,"date":"2012-07-23T20:20:59","date_gmt":"2012-07-23T20:20:59","guid":{"rendered":"http:\/\/portfolio-pre.uqac.ca\/gabarit\/?page_id=20"},"modified":"2025-04-29T08:02:33","modified_gmt":"2025-04-29T12:02:33","slug":"publications","status":"publish","type":"page","link":"https:\/\/portfolio.uqac.ca\/vincentarnaud\/publications\/","title":{"rendered":"Publications"},"content":{"rendered":"<blockquote>\n<p style=\"text-align: right\">\u00ab Si tu as une pomme, que j&#8217;ai une pomme, et que l&#8217;on \u00e9change nos pommes, nous aurons chacun une pomme. Mais si tu as une id\u00e9e, que j&#8217;ai une id\u00e9e et que l&#8217;on \u00e9change nos id\u00e9es, nous aurons chacun deux id\u00e9es. \u00bb \u2014 George Bernard Shaw<\/p>\n<\/blockquote>\n<h3>Articles de revue avec comit\u00e9 de lecture<\/h3>\n<p><a title=\"SCImago Journal &amp; Country Rank\" href=\"https:\/\/www.scimagojr.com\/journalsearch.php?q=25677&amp;tip=sid&amp;exact=no\"><img loading=\"lazy\" decoding=\"async\" class=\"alignright\" src=\"https:\/\/www.scimagojr.com\/journal_img.php?id=25677\" alt=\"SCImago Journal &amp; Country Rank\" width=\"135\" height=\"135\" border=\"0\" \/><\/a>Ghimenton, Anna, Christophe Coup\u00e9, Nelly Bonhomme, Jinke Song et Vincent Arnaud (2025) Modeling monolingual and bilingual children\u2019s language attitudes towards variation in Metropolitan France, <em>Journal of Child Language<\/em>,\u00a0<a href=\"https:\/\/doi.org\/10.1017\/S0305000925000169\">https:\/\/doi.org\/10.1017\/S0305000925000169<\/a><em><br \/>\n<\/em><\/p>\n<p><a title=\"SCImago Journal &amp; Country Rank\" href=\"https:\/\/www.scimagojr.com\/journalsearch.php?q=12480&amp;tip=sid&amp;exact=no\"><img loading=\"lazy\" decoding=\"async\" class=\"alignright\" src=\"https:\/\/www.scimagojr.com\/journal_img.php?id=12480\" alt=\"SCImago Journal &amp; Country Rank\" width=\"135\" height=\"135\" border=\"0\" \/><\/a>Frozzini, Jorge et Vincent Arnaud (2024) Needs and presence of temporary migrant workers in the regions of Quebec (Canada): from public data to a unified database, <em>WORK: A Journal of Prevention, Assessment &amp; Rehabilitation<\/em>, 80(3), 1443-1458. <a href=\"https:\/\/doi.org\/10.1177\/10519815241289696\">https:\/\/doi.org\/10.1177\/10519815241289696<\/a><\/p>\n<p><a title=\"SCImago Journal &amp; Country Rank\" href=\"https:\/\/www.scimagojr.com\/journalsearch.php?q=21121&amp;tip=sid&amp;exact=no\"><img loading=\"lazy\" decoding=\"async\" class=\"alignright\" src=\"https:\/\/www.scimagojr.com\/journal_img.php?id=21121\" alt=\"SCImago Journal &amp; Country Rank\" width=\"135\" height=\"135\" border=\"0\" \/><\/a>Massenet, Mathilde, Romane Philippe, Katarzyna Pisanski, Vincent Arnaud, Lucie Barluet de Beauchesne, Karine Reynaud, Nicolas Mathevon et David Reby (2024) Puppy whines mediate maternal behavior in domestic dogs, <i>Proceedings of the National Academy of Sciences<\/i>., 121(22), e2316818121, <a href=\"https:\/\/doi.org\/10.1073\/pnas.2316818121\">https:\/\/doi.org\/10.1073\/pnas.2316818121<\/a>.<\/p>\n<p><a title=\"SCImago Journal &amp; Country Rank\" href=\"https:\/\/www.scimagojr.com\/journalsearch.php?q=4000151810&amp;tip=sid&amp;exact=no\"><img loading=\"lazy\" decoding=\"async\" class=\"alignright\" src=\"https:\/\/www.scimagojr.com\/journal_img.php?id=4000151810\" alt=\"SCImago Journal &amp; Country Rank\" width=\"135\" height=\"135\" border=\"0\" \/><\/a>Arnaud, Vincent, Fran\u00e7ois Pellegrino, Sumir Keenan, Xavier St-Gelais, Nicolas Mathevon, Florence Levr\u00e9ro et Christophe Coup\u00e9 (2023) Improving the workflow to crack Small, Unbalanced, Noisy, but Genuine (SUNG) datasets in bioacoustics: The case of bonobo calls, <em>PLOS Computational Biology<\/em>, 19(4), e1010325, <a href=\"https:\/\/doi.org\/10.1371\/journal.pcbi.1010325\">https:\/\/doi.org\/10.1371\/journal.pcbi.1010325<\/a><\/p>\n<p>Frozzini, Jorge, \u00c9ric Tremblay et Vincent Arnaud (2022) Besoins et pr\u00e9sence des travailleuses et travailleurs migrants temporaires dans les r\u00e9gions du Qu\u00e9bec : quelques \u00e9l\u00e9ments de description, <em>Organisations &amp; territoires<\/em>, 31(2), 85-96, <a href=\"https:\/\/doi.org\/10.1522\/revueot.v31n2.1483\" rel=\"noopener\">https:\/\/doi.org\/10.1522\/revueot.v31n2.1483<\/a><\/p>\n<p><a title=\"SCImago Journal &amp; Country Rank\" href=\"https:\/\/www.scimagojr.com\/journalsearch.php?q=10600153309&amp;tip=sid&amp;exact=no\"><img loading=\"lazy\" decoding=\"async\" class=\"alignright\" src=\"https:\/\/www.scimagojr.com\/journal_img.php?id=10600153309\" alt=\"SCImago Journal &amp; Country Rank\" width=\"135\" height=\"135\" border=\"0\" \/><\/a>De Carolis, L\u00e9a, Egidio Marsico , Vincent Arnaud et Christophe Coup\u00e9 (2018) Investigating sound symbolism in an implicit bouba-kiki experimental paradigm. What the absence of sound symbolic associations suggests us about visual salience, attentional focus and ideasthesia. <em>PLOS ONE<\/em>,\u00a0 13(12): e0208874, <a href=\"https:\/\/doi.org\/10.1371\/journal.pone.0208874\" rel=\"noopener\">https:\/\/doi.org\/10.1371\/journal.pone.0208874\/<\/a><\/p>\n<p>Arnaud, Vincent (2009) Valeur r\u00e9gionale et sociolinguistique de la distinction entre [a] et [\u0251] en fran\u00e7ais de France, <i>La Revue de l\u2019<abbr title=\"Association qu\u00e9b\u00e9coise des enseignants de fran\u00e7ais langue seconde\">AQEFLS<\/abbr><\/i>, Num\u00e9ro sp\u00e9cial\u00a0: <i>enseignement et acquisition de la phon\u00e9tique en classe de langue seconde et \u00e9trang\u00e8re<\/i>, Christian Guilbault (dir.), 27(1), 41-57.<\/p>\n<h3>Chapitres de livre<\/h3>\n<p><img loading=\"lazy\" decoding=\"async\" class=\"alignright size-thumbnail wp-image-1049\" src=\"https:\/\/portfolio.uqac.ca\/vincentarnaud\/files\/2025\/03\/27574100316700L-150x106.jpg\" alt=\"\" width=\"150\" height=\"106\" \/>Arnaud, Vincent, Kevin Bouchard et Gilles-Philippe Morin (2025) Utiliser un Data Paper en traitement automatique des langues : un exemple de classification automatique de m\u00e9moires et de th\u00e8ses universitaires, in <a href=\"https:\/\/www.septentrion.com\/fr\/book\/?gcoi=27574100316700\" target=\"_blank\" rel=\"noopener\"><em>Humanit\u00e9s num\u00e9riques et science ouverte: Vol III: Publier, partager, r\u00e9utiliser les donn\u00e9es de la recherche: les data papers et leurs enjeux<\/em><\/a>, Christine Kosmopoulos et Joachim Sch\u00f6pfel (dir.), France, Presses Universitaires du Septentrion.<\/p>\n<p><img loading=\"lazy\" decoding=\"async\" class=\"alignright size-full wp-image-988\" src=\"https:\/\/portfolio.uqac.ca\/vincentarnaud\/files\/2024\/05\/l97827663042711-e1715551575513.jpg\" alt=\"\" width=\"70\" height=\"101\" \/>Arnaud, Vincent (2024) La sociophon\u00e9tique\u00a0: Quelques fondements, in <a href=\"https:\/\/www.pulaval.com\/livres\/la-phonetique-une-introduction\" rel=\"noopener\"><em>La phon\u00e9tique\u00a0: une introduction<\/em><\/a>, Johanna-Pascale Roy (dir.), Presses de l&#8217;Universit\u00e9 Laval, Canada, 95-105.<\/p>\n<p><img loading=\"lazy\" decoding=\"async\" class=\"alignright size-full wp-image-226\" src=\"https:\/\/portfolio.uqac.ca\/vincentarnaud\/files\/2016\/05\/thumb_L978276372928211-e1463217824463.jpg\" alt=\"\" width=\"70\" height=\"105\" \/>Arnaud, Vincent et Johanna-Pascale Roy (2016) Un accent, des accents, \u00e0 qui ressembles-tu? in <a href=\"https:\/\/www.pulaval.com\/livres\/adaptation-dans-les-espaces-francophones-formes-expressions-et-diffusion\" rel=\"noopener\"><em>Adaptation de l\u2019expression fran\u00e7aise dans les cultures francophones : Formes, expressions et diffusion<\/em><\/a>, Aline Francoeur (dir.), Qu\u00e9bec, Presses de l&#8217;Universit\u00e9 Laval, 161-195.<\/p>\n<p><img loading=\"lazy\" decoding=\"async\" class=\"alignright size-full wp-image-227\" src=\"https:\/\/portfolio.uqac.ca\/vincentarnaud\/files\/2016\/05\/details_L978276379025112-e1463217808591.jpg\" alt=\"\" width=\"70\" height=\"106\" \/>Arnaud, Vincent (2010) Le r\u00f4le des changements spectraux dans la description des voyelles fran\u00e7aises : entre sociophon\u00e9tique et acoustique, in <a href=\"https:\/\/www.pulaval.com\/produit\/heterogeneite-et-homogeneite-dans-les-pratiques-langagieres-melanges-offerts-a-denise-deshaies\" rel=\"noopener\"><i>H\u00e9t\u00e9rog\u00e9n\u00e9it\u00e9 et homog\u00e9n\u00e9it\u00e9 dans les pratiques langagi\u00e8res. M\u00e9langes offerts \u00e0 Denise Deshaies<\/i><\/a>, Wim Remysen et Diane Vincent (dir.), Qu\u00e9bec, Presses de l\u2019Universit\u00e9 Laval, 207-226.<\/p>\n<h3>Actes de colloque avec comit\u00e9 de lecture<\/h3>\n<p>St-Gelais, Xavier, Fran\u00e7ois Pellegrino, Christophe Coup\u00e9 et Vincent Arnaud (2018) Entre Qu\u00e9bec et France, qu&#8217;en est-il de l&#8217;ant\u00e9riorisation de \/\u0254\/ en fran\u00e7ais contemporain ? <i>Actes des XXXII<sup>e<\/sup> Journ\u00e9es d\u2019\u00e9tude sur la parole<\/i>, Aix-en-Provence (France), 514-522. <a href=\"https:\/\/doi.org\/10.21437\/JEP.2018-59\" rel=\"noopener\">https:\/\/doi.org\/10.21437\/JEP.2018-59<\/a><\/p>\n<p>Riverin-Coutl\u00e9e, Josiane et Vincent Arnaud (2015) <a href=\"https:\/\/www.internationalphoneticassociation.org\/icphs-proceedings\/ICPhS2015\/Papers\/ICPHS0625.pdf\" rel=\"noopener\">Regional backgrounds and discrimination patterns: A preliminary perceptual study in Quebec French<\/a>, <i>Proceedings of the 18<sup>th<\/sup> International Congress of Phonetic Sciences<\/i>, Glasgow.<\/p>\n<p>Sigouin, Caroline et Vincent Arnaud (2015) <a href=\"https:\/\/www.internationalphoneticassociation.org\/icphs-proceedings\/ICPhS2015\/Papers\/ICPHS0487.pdf\" rel=\"noopener\">Quebec French close vowels in lengthening contexts\u00a0: tense, lax or diphthongised? An acoustic study<\/a>, <i>Proceedings of the 18<sup>th<\/sup> International Congress of Phonetic Sciences<\/i>, Glasgow.<\/p>\n<p>Riverin-Coutl\u00e9e, Josiane et Vincent Arnaud (2014) <a href=\"https:\/\/portfolio.uqac.ca\/vincentarnaud\/files\/2022\/06\/Riverin-Coutl\u00e9e-et-Arnaud-2014-Portrait-acoustique-d\u2019une-variation-r\u00e9gionale-en-f.pdf\" rel=\"noopener\">Portrait acoustique d\u2019une variation r\u00e9gionale en fran\u00e7ais qu\u00e9b\u00e9cois contemporain : l\u2019ouverture de la voyelle \/\u025b\/ en finale de mot<\/a>, <i>Actes des XXX<sup>e<\/sup> Journ\u00e9es d\u2019\u00e9tude sur la parole<\/i>, Le Mans (France), 567-575.<\/p>\n<p>Sigouin, Caroline et Vincent Arnaud (2014) <a href=\"https:\/\/portfolio.uqac.ca\/vincentarnaud\/files\/2022\/06\/Sigouin-et-Arnaud-2014-Analyse-acoustique-des-voyelles-ferm\u00e9es-tendues-r.pdf\" rel=\"noopener\">Analyse acoustique des voyelles ferm\u00e9es tendues, rel\u00e2ch\u00e9es et allong\u00e9es en fran\u00e7ais qu\u00e9b\u00e9cois\u00a0: la contribution d\u2019indices statiques\/dynamiques et absolus\/normalis\u00e9s<\/a>, <i>Actes des XXX<sup>e<\/sup> Journ\u00e9es d\u2019\u00e9tude sur la parole<\/i>, Le Mans (France).<\/p>\n<p>Arnaud, Vincent, Caroline Sigouin et Johanna-Pascale Roy (2011) <a href=\"https:\/\/www.internationalphoneticassociation.org\/icphs-proceedings\/ICPhS2011\/OnlineProceedings\/RegularSession\/Arnaud\/Arnaud.pdf\" rel=\"noopener\">Acoustic description of Quebec French high vowels\u00a0: first results<\/a>, <i>Proceedings of the 17<sup>th<\/sup> International Congress of Phonetic Sciences<\/i>, Hong Kong, 244-247. [<a href=\"https:\/\/www.internationalphoneticassociation.org\/icphs-proceedings\/ICPhS2011\/OnlineProceedings\/RegularSession\/Arnaud\/Arnaud%20Media%20File.zip\">Media files<\/a>]<\/p>\n<p>Embarki, Mohamed et Vincent Arnaud (2006) Variabilit\u00e9 acoustique de la voyelle [a] dans la s\u00e9quence CaC en arabe marocain de Ksar el K\u00e9bir. in <i>L\u2019arabe dialectal\u00a0: enqu\u00eates, descriptions, interpr\u00e9tations\u00a0: actes du 6e colloque de l\u2019association internationale de dialectologie arabe<\/i>, Salah Mejri (dir.), Tunis, Cahiers du <abbr title=\"Centre d'\u00c9tudes et de Recherches \u00c9conomiques et Sociales\">CERES<\/abbr>, 135-147.<\/p>\n<p>Arnaud, Vincent (2003) <a href=\"https:\/\/www.internationalphoneticassociation.org\/icphs-proceedings\/ICPhS2003\/papers\/p15_0929.pdf\" rel=\"noopener\">French nasal vowels spoken in Haut-Jura\u00a0: a quantitative acoustic study<\/a>, <i>Proceedings of the 15<sup>th<\/sup> International Congress of Phonetic Sciences<\/i>, Barcelona, 929-932.<\/p>\n<h3>R\u00e9sum\u00e9 publi\u00e9<\/h3>\n<p>Coup\u00e9, Christophe, Vincent Arnaud, Sumir Keenan, Xavier Saint-Gelais, Fran\u00e7ois Pellegrino, Florence Levr\u00e9ro (2021) Exploring within- and across-individual variation of the bonobo vocal repertoire with state-of-the-art classification approaches, [R\u00e9sum\u00e9s du 33e colloque de la Soci\u00e9t\u00e9 francophone de primatologie (Universit\u00e9 de Saint-Etienne, 19\u201322 octobre 2021) \u2013 A l\u2019\u00c9coute des Primates], <a href=\"https:\/\/journals.openedition.org\/primatologie\/9047\" rel=\"noopener\"><em>Revue de primatologie<\/em><\/a>, 12, <a href=\"https:\/\/doi.org\/10.4000\/primatologie.9047\" rel=\"noopener\">https:\/\/doi.org\/10.4000\/primatologie.9047<\/a><sup><br \/>\n<\/sup><\/p>\n<h3>Couverture de revue<\/h3>\n<p>PLoS Computational Biology Issue Image | Vol. 19(4) May 2023. (2023). <i>PLOS Computational Biology<\/i>, <i>19<\/i>(4), ev19.i04. <a href=\"https:\/\/journals.plos.org\/ploscompbiol\/issue?id=10.1371\/issue.pcbi.v19.i04\" rel=\"noopener\">https:\/\/journals.plos.org\/ploscompbiol\/issue?id=10.1371\/issue.pcbi.v19.i04<\/a><\/p>\n<h3>Article de revue sans comit\u00e9 de lecture<\/h3>\n<p>Arnaud, Vincent et Luc Baronian (2024). <a href=\"https:\/\/correspondance.info\/decoupagesdepartementauxaluqac\/\" rel=\"noopener\">D\u00e9coupages d\u00e9partementaux \u00e0 l\u2019UQAC et savoirs en partage : Qu\u2019en dit le traitement automatique des langues ?<\/a> <em>Correspondance : Le journal des profs de l\u2019UQAC<\/em>.<\/p>\n<h3>Th\u00e8se<\/h3>\n<p>Arnaud, Vincent (2006) <i><a href=\"https:\/\/www.collectionscanada.gc.ca\/obj\/thesescanada\/vol2\/002\/NR21744.PDF\">La dimension variationniste du fran\u00e7ais en usage \u00e0 Saint-Claude (Haut-Jura)\u00a0: une \u00e9tude acoustique des voyelles orales des \u00ab\u00a0gens d\u2019en haut\u00a0\u00bb<\/a><\/i>, Th\u00e8se de doctorat, Universit\u00e9 Laval (Qu\u00e9bec) et Universit\u00e9 de Franche-Comt\u00e9 (France).<\/p>\n","protected":false},"excerpt":{"rendered":"<p>\u00ab Si tu as une pomme, que j&#8217;ai une pomme, et que l&#8217;on \u00e9change nos pommes, nous aurons chacun une pomme. Mais si tu as une id\u00e9e, que j&#8217;ai une id\u00e9e et que l&#8217;on \u00e9change nos id\u00e9es, nous aurons chacun deux id\u00e9es. \u00bb \u2014 George Bernard Shaw Articles de revue avec comit\u00e9 de lecture Ghimenton, &hellip; <a href=\"https:\/\/portfolio.uqac.ca\/vincentarnaud\/publications\/\" class=\"more-link\">Continuer la lecture de <span class=\"screen-reader-text\">Publications<\/span>  <span class=\"meta-nav\">&rarr;<\/span><\/a><\/p>\n","protected":false},"author":129,"featured_media":0,"parent":0,"menu_order":0,"comment_status":"closed","ping_status":"closed","template":"","meta":{"footnotes":""},"tags":[],"_links":{"self":[{"href":"https:\/\/portfolio.uqac.ca\/vincentarnaud\/wp-json\/wp\/v2\/pages\/20"}],"collection":[{"href":"https:\/\/portfolio.uqac.ca\/vincentarnaud\/wp-json\/wp\/v2\/pages"}],"about":[{"href":"https:\/\/portfolio.uqac.ca\/vincentarnaud\/wp-json\/wp\/v2\/types\/page"}],"author":[{"embeddable":true,"href":"https:\/\/portfolio.uqac.ca\/vincentarnaud\/wp-json\/wp\/v2\/users\/129"}],"replies":[{"embeddable":true,"href":"https:\/\/portfolio.uqac.ca\/vincentarnaud\/wp-json\/wp\/v2\/comments?post=20"}],"version-history":[{"count":172,"href":"https:\/\/portfolio.uqac.ca\/vincentarnaud\/wp-json\/wp\/v2\/pages\/20\/revisions"}],"predecessor-version":[{"id":1056,"href":"https:\/\/portfolio.uqac.ca\/vincentarnaud\/wp-json\/wp\/v2\/pages\/20\/revisions\/1056"}],"wp:attachment":[{"href":"https:\/\/portfolio.uqac.ca\/vincentarnaud\/wp-json\/wp\/v2\/media?parent=20"}],"wp:term":[{"taxonomy":"post_tag","embeddable":true,"href":"https:\/\/portfolio.uqac.ca\/vincentarnaud\/wp-json\/wp\/v2\/tags?post=20"}],"curies":[{"name":"wp","href":"https:\/\/api.w.org\/{rel}","templated":true}]}}