{"id":4,"date":"2022-09-01T10:24:02","date_gmt":"2022-09-01T14:24:02","guid":{"rendered":"http:\/\/portfolio-pre.uqac.ca\/gabarit\/?page_id=4"},"modified":"2023-04-14T09:24:03","modified_gmt":"2023-04-14T13:24:03","slug":"presentatio","status":"publish","type":"page","link":"https:\/\/portfolio.uqac.ca\/vincentlecours\/","title":{"rendered":"Pr\u00e9sentation"},"content":{"rendered":"<h2>Vincent Lecours<\/h2>\n<p>Professeur de g\u00e9omatique de l&#8217;environnement (g\u00e9ographie)<br \/>\nD\u00e9partement des sciences humaines et sociales<br \/>\nUnit\u00e9 d&#8217;enseignement en sciences des soci\u00e9t\u00e9s et des territoires<\/p>\n<h2>Champs d&#8217;int\u00e9r\u00eat<\/h2>\n<ul>\n<li>G\u00e9omatique appliqu\u00e9e\n<ul>\n<li>T\u00e9l\u00e9d\u00e9tection optique et acoustique<\/li>\n<li>Analyse spatiale<\/li>\n<li>Cartographie et syst\u00e8mes d&#8217;information g\u00e9ographique<\/li>\n<\/ul>\n<\/li>\n<li>Cartographie des habitats c\u00f4tiers et marins<\/li>\n<li>G\u00e9omorphom\u00e9trie<\/li>\n<\/ul>\n","protected":false},"excerpt":{"rendered":"<p>Vincent Lecours Professeur de g\u00e9omatique de l&#8217;environnement (g\u00e9ographie) D\u00e9partement des sciences humaines et sociales Unit\u00e9 d&#8217;enseignement en sciences des soci\u00e9t\u00e9s et des territoires Champs d&#8217;int\u00e9r\u00eat G\u00e9omatique appliqu\u00e9e T\u00e9l\u00e9d\u00e9tection optique et acoustique Analyse spatiale Cartographie et syst\u00e8mes d&#8217;information g\u00e9ographique Cartographie des habitats c\u00f4tiers et marins G\u00e9omorphom\u00e9trie<\/p>\n","protected":false},"author":89,"featured_media":0,"parent":0,"menu_order":0,"comment_status":"closed","ping_status":"closed","template":"","meta":{"footnotes":""},"tags":[],"_links":{"self":[{"href":"https:\/\/portfolio.uqac.ca\/vincentlecours\/wp-json\/wp\/v2\/pages\/4"}],"collection":[{"href":"https:\/\/portfolio.uqac.ca\/vincentlecours\/wp-json\/wp\/v2\/pages"}],"about":[{"href":"https:\/\/portfolio.uqac.ca\/vincentlecours\/wp-json\/wp\/v2\/types\/page"}],"author":[{"embeddable":true,"href":"https:\/\/portfolio.uqac.ca\/vincentlecours\/wp-json\/wp\/v2\/users\/89"}],"replies":[{"embeddable":true,"href":"https:\/\/portfolio.uqac.ca\/vincentlecours\/wp-json\/wp\/v2\/comments?post=4"}],"version-history":[{"count":18,"href":"https:\/\/portfolio.uqac.ca\/vincentlecours\/wp-json\/wp\/v2\/pages\/4\/revisions"}],"predecessor-version":[{"id":192,"href":"https:\/\/portfolio.uqac.ca\/vincentlecours\/wp-json\/wp\/v2\/pages\/4\/revisions\/192"}],"wp:attachment":[{"href":"https:\/\/portfolio.uqac.ca\/vincentlecours\/wp-json\/wp\/v2\/media?parent=4"}],"wp:term":[{"taxonomy":"post_tag","embeddable":true,"href":"https:\/\/portfolio.uqac.ca\/vincentlecours\/wp-json\/wp\/v2\/tags?post=4"}],"curies":[{"name":"wp","href":"https:\/\/api.w.org\/{rel}","templated":true}]}}