{"id":4,"date":"2017-03-21T15:44:14","date_gmt":"2017-03-21T19:44:14","guid":{"rendered":"http:\/\/portfolio-pre.uqac.ca\/gabarit\/?page_id=4"},"modified":"2018-02-02T08:15:35","modified_gmt":"2018-02-02T13:15:35","slug":"presentatio","status":"publish","type":"page","link":"https:\/\/portfolio.uqac.ca\/vincentmorin\/","title":{"rendered":"Pr\u00e9sentation"},"content":{"rendered":"<h2>Vincent MORIN, M.Sc.<\/h2>\n<p>Professeur au D\u00e9partement des\u00a0sciences \u00e9conomiques et\u00a0\u00a0administratives<\/p>\n<p>Directeur du D\u00e9partement des sciences \u00e9conomiques et administratives<\/p>\n<h2>Champs d&#8217;int\u00e9r\u00eat<\/h2>\n<ul>\n<li>Finance municipale<\/li>\n<li>Les produits d\u00e9riv\u00e9s et l\u2019impact sur les march\u00e9s financiers<\/li>\n<\/ul>\n","protected":false},"excerpt":{"rendered":"<p>Vincent MORIN, M.Sc. Professeur au D\u00e9partement des\u00a0sciences \u00e9conomiques et\u00a0\u00a0administratives Directeur du D\u00e9partement des sciences \u00e9conomiques et administratives Champs d&#8217;int\u00e9r\u00eat Finance municipale Les produits d\u00e9riv\u00e9s et l\u2019impact sur les march\u00e9s financiers<\/p>\n","protected":false},"author":89,"featured_media":0,"parent":0,"menu_order":0,"comment_status":"closed","ping_status":"closed","template":"","meta":{"footnotes":""},"tags":[],"_links":{"self":[{"href":"https:\/\/portfolio.uqac.ca\/vincentmorin\/wp-json\/wp\/v2\/pages\/4"}],"collection":[{"href":"https:\/\/portfolio.uqac.ca\/vincentmorin\/wp-json\/wp\/v2\/pages"}],"about":[{"href":"https:\/\/portfolio.uqac.ca\/vincentmorin\/wp-json\/wp\/v2\/types\/page"}],"author":[{"embeddable":true,"href":"https:\/\/portfolio.uqac.ca\/vincentmorin\/wp-json\/wp\/v2\/users\/89"}],"replies":[{"embeddable":true,"href":"https:\/\/portfolio.uqac.ca\/vincentmorin\/wp-json\/wp\/v2\/comments?post=4"}],"version-history":[{"count":15,"href":"https:\/\/portfolio.uqac.ca\/vincentmorin\/wp-json\/wp\/v2\/pages\/4\/revisions"}],"predecessor-version":[{"id":148,"href":"https:\/\/portfolio.uqac.ca\/vincentmorin\/wp-json\/wp\/v2\/pages\/4\/revisions\/148"}],"wp:attachment":[{"href":"https:\/\/portfolio.uqac.ca\/vincentmorin\/wp-json\/wp\/v2\/media?parent=4"}],"wp:term":[{"taxonomy":"post_tag","embeddable":true,"href":"https:\/\/portfolio.uqac.ca\/vincentmorin\/wp-json\/wp\/v2\/tags?post=4"}],"curies":[{"name":"wp","href":"https:\/\/api.w.org\/{rel}","templated":true}]}}