{"id":4,"date":"2021-07-20T13:55:28","date_gmt":"2021-07-20T17:55:28","guid":{"rendered":"http:\/\/portfolio-pre.uqac.ca\/gabarit\/?page_id=4"},"modified":"2021-08-05T16:22:11","modified_gmt":"2021-08-05T20:22:11","slug":"presentatio","status":"publish","type":"page","link":"https:\/\/portfolio.uqac.ca\/yanboucher\/","title":{"rendered":"Pr\u00e9sentation"},"content":{"rendered":"<h2>Yan Boucher<\/h2>\n<p>Professeur au d\u00e9partement des sciences fondamentales<\/p>\n<h2>Champs d&#8217;int\u00e9r\u00eat<\/h2>\n<ul>\n<li>\u00c9cologie foresti\u00e8re<\/li>\n<li>Dynamique foresti\u00e8re<\/li>\n<li>Am\u00e9nagement forestier<\/li>\n<li>Perturbations naturelles (feux, \u00e9pid\u00e9mies d&#8217;insectes)<\/li>\n<li>Mod\u00e9lisation de la croissance \u00e0 partir du LiDAR a\u00e9rien<\/li>\n<li>Influence du climat sur les r\u00e9gimes de perturbations naturelles<\/li>\n<\/ul>\n","protected":false},"excerpt":{"rendered":"<p>Yan Boucher Professeur au d\u00e9partement des sciences fondamentales Champs d&#8217;int\u00e9r\u00eat \u00c9cologie foresti\u00e8re Dynamique foresti\u00e8re Am\u00e9nagement forestier Perturbations naturelles (feux, \u00e9pid\u00e9mies d&#8217;insectes) Mod\u00e9lisation de la croissance \u00e0 partir du LiDAR a\u00e9rien Influence du climat sur les r\u00e9gimes de perturbations naturelles<\/p>\n","protected":false},"author":89,"featured_media":0,"parent":0,"menu_order":0,"comment_status":"closed","ping_status":"closed","template":"","meta":{"footnotes":""},"tags":[],"_links":{"self":[{"href":"https:\/\/portfolio.uqac.ca\/yanboucher\/wp-json\/wp\/v2\/pages\/4"}],"collection":[{"href":"https:\/\/portfolio.uqac.ca\/yanboucher\/wp-json\/wp\/v2\/pages"}],"about":[{"href":"https:\/\/portfolio.uqac.ca\/yanboucher\/wp-json\/wp\/v2\/types\/page"}],"author":[{"embeddable":true,"href":"https:\/\/portfolio.uqac.ca\/yanboucher\/wp-json\/wp\/v2\/users\/89"}],"replies":[{"embeddable":true,"href":"https:\/\/portfolio.uqac.ca\/yanboucher\/wp-json\/wp\/v2\/comments?post=4"}],"version-history":[{"count":16,"href":"https:\/\/portfolio.uqac.ca\/yanboucher\/wp-json\/wp\/v2\/pages\/4\/revisions"}],"predecessor-version":[{"id":192,"href":"https:\/\/portfolio.uqac.ca\/yanboucher\/wp-json\/wp\/v2\/pages\/4\/revisions\/192"}],"wp:attachment":[{"href":"https:\/\/portfolio.uqac.ca\/yanboucher\/wp-json\/wp\/v2\/media?parent=4"}],"wp:term":[{"taxonomy":"post_tag","embeddable":true,"href":"https:\/\/portfolio.uqac.ca\/yanboucher\/wp-json\/wp\/v2\/tags?post=4"}],"curies":[{"name":"wp","href":"https:\/\/api.w.org\/{rel}","templated":true}]}}