{"id":18,"date":"2019-09-03T11:48:29","date_gmt":"2019-09-03T15:48:29","guid":{"rendered":"http:\/\/portfolio-pre.uqac.ca\/gabarit\/?page_id=18"},"modified":"2021-10-15T14:55:33","modified_gmt":"2021-10-15T18:55:33","slug":"enseignement","status":"publish","type":"page","link":"https:\/\/portfolio.uqac.ca\/yannickfrancillette\/enseignement\/","title":{"rendered":"Enseignement"},"content":{"rendered":"<h2>Actuellement<\/h2>\n<ul>\n<li>8GIF185 : <a href=\"https:\/\/cours.uqac.ca\/8GIF185\">R\u00e9alisation d&#8217;un jeu vid\u00e9o<\/a><\/li>\n<li><span style=\"line-height: 1.5\">8GIF225 : <a href=\"https:\/\/cours.uqac.ca\/8GIF225\">Atelier de production de jeux vid\u00e9o I<\/a><\/span><\/li>\n<li><span style=\"line-height: 1.5\">8GIF235 : <a href=\"https:\/\/cours.uqac.ca\/8GIF235\">Atelier de production de jeux vid\u00e9o II<\/a><\/span><\/li>\n<li><span style=\"line-height: 1.5\">8INF913 : <a href=\"https:\/\/cours.uqac.ca\/8INF913\">Sujet sp\u00e9cial en informatique III &#8211; Jeux s\u00e9rieux<\/a><br \/>\n<\/span><\/li>\n<li>8INF962 : <a href=\"https:\/\/cours.uqac.ca\/8INF962\">Laboratoire de jeux vid\u00e9o<\/a><\/li>\n<\/ul>\n<h2>Dans le pass\u00e9<\/h2>\n<ul>\n<li>8GIF150 : <a href=\"https:\/\/cours.uqac.ca\/8GIF150\">Conception de jeux vid\u00e9o<\/a><\/li>\n<li>8INF955 : <a href=\"https:\/\/cours.uqac.ca\/8INF955\">Principes de conception et de d\u00e9veloppement de jeux vid\u00e9o<\/a><\/li>\n<\/ul>\n<h2>Logiciels<\/h2>\n<ul>\n<li><a href=\"https:\/\/www.unrealengine.com\/\">Unreal Engine<\/a><\/li>\n<li><a href=\"https:\/\/unity.com\/products\">Unity<\/a><\/li>\n<li><a href=\"https:\/\/www.perforce.com\/\">Perforce<\/a><\/li>\n<\/ul>\n<p>&nbsp;<\/p>\n","protected":false},"excerpt":{"rendered":"<p>Actuellement 8GIF185 : R\u00e9alisation d&#8217;un jeu vid\u00e9o 8GIF225 : Atelier de production de jeux vid\u00e9o I 8GIF235 : Atelier de production de jeux vid\u00e9o II 8INF913 : Sujet sp\u00e9cial en informatique III &#8211; Jeux s\u00e9rieux 8INF962 : Laboratoire de jeux vid\u00e9o Dans le pass\u00e9 8GIF150 : Conception de jeux vid\u00e9o 8INF955 : Principes de conception &hellip; <a href=\"https:\/\/portfolio.uqac.ca\/yannickfrancillette\/enseignement\/\" class=\"more-link\">Continuer la lecture de <span class=\"screen-reader-text\">Enseignement<\/span>  <span class=\"meta-nav\">&rarr;<\/span><\/a><\/p>\n","protected":false},"author":89,"featured_media":0,"parent":0,"menu_order":0,"comment_status":"closed","ping_status":"closed","template":"","meta":{"footnotes":""},"tags":[],"_links":{"self":[{"href":"https:\/\/portfolio.uqac.ca\/yannickfrancillette\/wp-json\/wp\/v2\/pages\/18"}],"collection":[{"href":"https:\/\/portfolio.uqac.ca\/yannickfrancillette\/wp-json\/wp\/v2\/pages"}],"about":[{"href":"https:\/\/portfolio.uqac.ca\/yannickfrancillette\/wp-json\/wp\/v2\/types\/page"}],"author":[{"embeddable":true,"href":"https:\/\/portfolio.uqac.ca\/yannickfrancillette\/wp-json\/wp\/v2\/users\/89"}],"replies":[{"embeddable":true,"href":"https:\/\/portfolio.uqac.ca\/yannickfrancillette\/wp-json\/wp\/v2\/comments?post=18"}],"version-history":[{"count":7,"href":"https:\/\/portfolio.uqac.ca\/yannickfrancillette\/wp-json\/wp\/v2\/pages\/18\/revisions"}],"predecessor-version":[{"id":179,"href":"https:\/\/portfolio.uqac.ca\/yannickfrancillette\/wp-json\/wp\/v2\/pages\/18\/revisions\/179"}],"wp:attachment":[{"href":"https:\/\/portfolio.uqac.ca\/yannickfrancillette\/wp-json\/wp\/v2\/media?parent=18"}],"wp:term":[{"taxonomy":"post_tag","embeddable":true,"href":"https:\/\/portfolio.uqac.ca\/yannickfrancillette\/wp-json\/wp\/v2\/tags?post=18"}],"curies":[{"name":"wp","href":"https:\/\/api.w.org\/{rel}","templated":true}]}}