{"id":46,"date":"2019-09-03T11:48:29","date_gmt":"2019-09-03T15:48:29","guid":{"rendered":"http:\/\/portfolio-pre.uqac.ca\/gabarit\/?page_id=46"},"modified":"2025-03-24T06:11:31","modified_gmt":"2025-03-24T10:11:31","slug":"recherche","status":"publish","type":"page","link":"https:\/\/portfolio.uqac.ca\/yannickfrancillette\/recherche\/","title":{"rendered":"Recherche"},"content":{"rendered":"<h2><strong>Projets et activit\u00e9s de recherche<\/strong><\/h2>\n<ul>\n<li>M\u00e9thodes d&#8217;analyse de la difficult\u00e9 dans les jeux<\/li>\n<li>Contr\u00f4le du d\u00e9veloppement des jeux vid\u00e9o \u00e0 partir de l&#8217;analyse de fichier de logs, en collaboration avec le <a href=\"https:\/\/liflab.ca\/index.php\/lif24-d4\/\">Laboratoire d&#8217;Informatique Formelle<\/a> (LIF)<\/li>\n<li>Analyse de l&#8217;\u00e9conomie des jeux, en collaboratif avec le <a href=\"https:\/\/liflab.ca\/index.php\/lif24-m1\/\">LIF<\/a><\/li>\n<li>Jeux s\u00e9rieux\n<ul>\n<li>Pour l&#8217;apprentissage de la musique, <a href=\"https:\/\/udejm.com\/\">UJM<\/a><\/li>\n<li>Pour la formation d&#8217;infirmi\u00e8re en <a href=\"https:\/\/liflab.ca\/index.php\/lif24-d2\/\">Oncolongie-P\u00e9diatrique<\/a><\/li>\n<li>Pour l&#8217;apprentissage, <a href=\"https:\/\/www.uqac.ca\/cogni-actif\/\">Cogni-actif<\/a><\/li>\n<\/ul>\n<\/li>\n<li>Simulation d&#8217;environnement intelligent, <a href=\"https:\/\/github.com\/Iannyck\/shima\">Shima<\/a><\/li>\n<li>Jeux vid\u00e9o adaptatifs<\/li>\n<\/ul>\n","protected":false},"excerpt":{"rendered":"<p>Projets et activit\u00e9s de recherche M\u00e9thodes d&#8217;analyse de la difficult\u00e9 dans les jeux Contr\u00f4le du d\u00e9veloppement des jeux vid\u00e9o \u00e0 partir de l&#8217;analyse de fichier de logs, en collaboration avec le Laboratoire d&#8217;Informatique Formelle (LIF) Analyse de l&#8217;\u00e9conomie des jeux, en collaboratif avec le LIF Jeux s\u00e9rieux Pour l&#8217;apprentissage de la musique, UJM Pour la &hellip; <a href=\"https:\/\/portfolio.uqac.ca\/yannickfrancillette\/recherche\/\" class=\"more-link\">Continuer la lecture de <span class=\"screen-reader-text\">Recherche<\/span>  <span class=\"meta-nav\">&rarr;<\/span><\/a><\/p>\n","protected":false},"author":89,"featured_media":0,"parent":0,"menu_order":0,"comment_status":"closed","ping_status":"closed","template":"","meta":{"footnotes":""},"tags":[],"_links":{"self":[{"href":"https:\/\/portfolio.uqac.ca\/yannickfrancillette\/wp-json\/wp\/v2\/pages\/46"}],"collection":[{"href":"https:\/\/portfolio.uqac.ca\/yannickfrancillette\/wp-json\/wp\/v2\/pages"}],"about":[{"href":"https:\/\/portfolio.uqac.ca\/yannickfrancillette\/wp-json\/wp\/v2\/types\/page"}],"author":[{"embeddable":true,"href":"https:\/\/portfolio.uqac.ca\/yannickfrancillette\/wp-json\/wp\/v2\/users\/89"}],"replies":[{"embeddable":true,"href":"https:\/\/portfolio.uqac.ca\/yannickfrancillette\/wp-json\/wp\/v2\/comments?post=46"}],"version-history":[{"count":9,"href":"https:\/\/portfolio.uqac.ca\/yannickfrancillette\/wp-json\/wp\/v2\/pages\/46\/revisions"}],"predecessor-version":[{"id":226,"href":"https:\/\/portfolio.uqac.ca\/yannickfrancillette\/wp-json\/wp\/v2\/pages\/46\/revisions\/226"}],"wp:attachment":[{"href":"https:\/\/portfolio.uqac.ca\/yannickfrancillette\/wp-json\/wp\/v2\/media?parent=46"}],"wp:term":[{"taxonomy":"post_tag","embeddable":true,"href":"https:\/\/portfolio.uqac.ca\/yannickfrancillette\/wp-json\/wp\/v2\/tags?post=46"}],"curies":[{"name":"wp","href":"https:\/\/api.w.org\/{rel}","templated":true}]}}