{"id":4,"date":"2019-08-08T16:12:49","date_gmt":"2019-08-08T20:12:49","guid":{"rendered":"http:\/\/portfolio-pre.uqac.ca\/gabarit\/?page_id=4"},"modified":"2019-08-09T10:02:06","modified_gmt":"2019-08-09T14:02:06","slug":"presentatio","status":"publish","type":"page","link":"https:\/\/portfolio.uqac.ca\/yasarkocaefe\/","title":{"rendered":"Pr\u00e9sentation"},"content":{"rendered":"<h2>Yasar Kocaefe<\/h2>\n<p>Professeur au d\u00e9partement des\u00a0sciences appliqu\u00e9es, ing., Ph. D.<br \/>\nMembre de l\u2019Ordre des ing\u00e9nieurs du Qu\u00e9bec (OIQ)<br \/>\nMembre de The Minerals, Metals &amp; Materials Society (TMS)<br \/>\nMembre de l\u2019Association canadienne-fran\u00e7aise pour l\u2019avancement des sciences (ACFAS)<\/p>\n<h2>Domaine<\/h2>\n<ul>\n<li>G\u00e9nie m\u00e9canique<\/li>\n<\/ul>\n<h2>Axes de recherche<\/h2>\n<ul>\n<li><span style=\"color: #000000; font-family: Arial;\">\u00c9nergie et \u00e9nergie renouvelable <\/span><\/li>\n<li><span style=\"color: #000000; font-family: Arial;\">Transfert de chaleur et rayonnement thermique<\/span><\/li>\n<li><span style=\"color: #000000; font-family: Arial;\">Analyse et mod\u00e9lisation des syst\u00e8mes industriels<\/span><\/li>\n<li><span style=\"color: #000000; font-family: Arial;\">Production de l\u2019aluminium (carbone, \u00e9lectrolyse)<\/span><\/li>\n<\/ul>\n","protected":false},"excerpt":{"rendered":"<p>Yasar Kocaefe Professeur au d\u00e9partement des\u00a0sciences appliqu\u00e9es, ing., Ph. D. Membre de l\u2019Ordre des ing\u00e9nieurs du Qu\u00e9bec (OIQ) Membre de The Minerals, Metals &amp; Materials Society (TMS) Membre de l\u2019Association canadienne-fran\u00e7aise pour l\u2019avancement des sciences (ACFAS) Domaine G\u00e9nie m\u00e9canique Axes de recherche \u00c9nergie et \u00e9nergie renouvelable Transfert de chaleur et rayonnement thermique Analyse et mod\u00e9lisation &hellip; <a href=\"https:\/\/portfolio.uqac.ca\/yasarkocaefe\/\" class=\"more-link\">Continuer la lecture de <span class=\"screen-reader-text\">Pr\u00e9sentation<\/span>  <span class=\"meta-nav\">&rarr;<\/span><\/a><\/p>\n","protected":false},"author":89,"featured_media":0,"parent":0,"menu_order":0,"comment_status":"closed","ping_status":"closed","template":"","meta":{"footnotes":""},"tags":[],"_links":{"self":[{"href":"https:\/\/portfolio.uqac.ca\/yasarkocaefe\/wp-json\/wp\/v2\/pages\/4"}],"collection":[{"href":"https:\/\/portfolio.uqac.ca\/yasarkocaefe\/wp-json\/wp\/v2\/pages"}],"about":[{"href":"https:\/\/portfolio.uqac.ca\/yasarkocaefe\/wp-json\/wp\/v2\/types\/page"}],"author":[{"embeddable":true,"href":"https:\/\/portfolio.uqac.ca\/yasarkocaefe\/wp-json\/wp\/v2\/users\/89"}],"replies":[{"embeddable":true,"href":"https:\/\/portfolio.uqac.ca\/yasarkocaefe\/wp-json\/wp\/v2\/comments?post=4"}],"version-history":[{"count":13,"href":"https:\/\/portfolio.uqac.ca\/yasarkocaefe\/wp-json\/wp\/v2\/pages\/4\/revisions"}],"predecessor-version":[{"id":186,"href":"https:\/\/portfolio.uqac.ca\/yasarkocaefe\/wp-json\/wp\/v2\/pages\/4\/revisions\/186"}],"wp:attachment":[{"href":"https:\/\/portfolio.uqac.ca\/yasarkocaefe\/wp-json\/wp\/v2\/media?parent=4"}],"wp:term":[{"taxonomy":"post_tag","embeddable":true,"href":"https:\/\/portfolio.uqac.ca\/yasarkocaefe\/wp-json\/wp\/v2\/tags?post=4"}],"curies":[{"name":"wp","href":"https:\/\/api.w.org\/{rel}","templated":true}]}}